{"id":10771,"date":"2025-05-19T15:48:53","date_gmt":"2025-05-19T18:48:53","guid":{"rendered":"https:\/\/www.sigmatools.com.br\/site\/?post_type=product&#038;p=10771"},"modified":"2025-08-12T10:06:22","modified_gmt":"2025-08-12T13:06:22","slug":"sgt-990402k-kit-sangrador-de-freio-pneumatico-com-maleta-de-acessorios","status":"publish","type":"product","link":"https:\/\/www.sigmatools.com.br\/site\/produto\/sgt-990402k-kit-sangrador-de-freio-pneumatico-com-maleta-de-acessorios\/","title":{"rendered":"SGT-990402K &#8211; KIT SANGRADOR DE FREIO PNEUM\u00c1TICO COM MALETA DE ACESS\u00d3RIOS"},"content":{"rendered":"","protected":false},"excerpt":{"rendered":"<p><strong>C\u00f3digo do produto:<\/strong> 0701990402<\/p>\n<p><strong>C\u00f3digo de barras:\u00a0<\/strong>7908276669347<\/p>\n<p>&nbsp;<\/p>\n<iframe title=\"YouTube video player\" src=\"https:\/\/www.youtube.com\/embed\/aeYJzFswkgQ?si=9mtgwHyR6ZvKGPi4\" width=\"315\" height=\"560\" frameborder=\"0\" allowfullscreen=\"allowfullscreen\"><span data-mce-type=\"bookmark\" style=\"display: inline-block; width: 0px; overflow: hidden; line-height: 0;\" class=\"mce_SELRES_start\">\ufeff<\/span><\/iframe>\n<p>&nbsp;<\/p>\n<p>&nbsp;<\/p>\n<p><strong>Caracter\u00edsticas<\/strong><\/p>\n<p>\u2022 Tanque de \u00f3leo com capacidade total de 6L;<br \/>\n\u2022 Medidor de press\u00e3o com v\u00e1lvula reguladora ajust\u00e1vel;<br \/>\n\u2022 Sistema pressurizado que permite sangria e recarga eficiente do freio;<br \/>\n\u2022 Acompanha maleta com acess\u00f3rios para diferentes aplica\u00e7\u00f5es.<\/p>\n<p>&nbsp;<\/p>\n<p><strong>Vantagens<\/strong><br \/>\n\u2022 Permite opera\u00e7\u00e3o por uma s\u00f3 pessoa com rapidez e seguran\u00e7a;<br \/>\n\u2022 Alta capacidade para uso cont\u00ednuo e profissional;<br \/>\n\u2022 Conex\u00f5es r\u00e1pidas e mangueira transparente facilitam o controle visual;<br \/>\n\u2022 Ajuste preciso de press\u00e3o para diferentes sistemas de freio.<\/p>\n<p>&nbsp;<\/p>\n<p><strong>Aplica\u00e7\u00f5es<\/strong><br \/>\nIdeal para profissionais que realizam sangria e troca de fluido de freio com efici\u00eancia.<\/p>\n<p>&nbsp;<\/p>\n<p>&nbsp;<\/p>\n[button size=\"small\" icon=\"\" target=\"_blank\" text_align=\"left\" text=\"Informativo\" link=\"http:\/\/www.sigmatools.com.br\/site\/arquivos\/informativos\/SGT-9904K%20-%20KIT%20SANGRADOR%20DE%20FREIO%20PNEUMATICO%20-%20INFO.pdf\" color=\"#ffffff\" hover_color=\"#ffffff\" background_color=\"#353535\" hover_background_color=\"#dd3333\" border_color=\"#353535\" hover_border_color=\"#dd3333\"]","protected":false},"featured_media":11481,"comment_status":"open","ping_status":"closed","template":"","meta":{"_jet_sm_ready_style":"","_jet_sm_style":"","_jet_sm_controls_values":"","_jet_sm_fonts_collection":"","_jet_sm_fonts_links":""},"product_brand":[],"product_cat":[218,232,60,15],"product_tag":[],"class_list":{"0":"post-10771","1":"product","2":"type-product","3":"status-publish","4":"has-post-thumbnail","6":"product_cat-destaque","7":"product_cat-ferramentas-especiais","8":"product_cat-catalogo-geral","9":"product_cat-sigma-tools","11":"first","12":"instock","13":"shipping-taxable","14":"product-type-simple"},"yoast_head":"<!-- This site is optimized with the Yoast SEO plugin v27.1.1 - https:\/\/yoast.com\/product\/yoast-seo-wordpress\/ -->\n<title>SGT-990402K - KIT SANGRADOR DE FREIO PNEUM\u00c1TICO COM MALETA DE ACESS\u00d3RIOS - Sigma Tools<\/title>\n<meta name=\"robots\" content=\"index, follow, max-snippet:-1, max-image-preview:large, max-video-preview:-1\" \/>\n<link rel=\"canonical\" href=\"https:\/\/www.sigmatools.com.br\/site\/produto\/sgt-990402k-kit-sangrador-de-freio-pneumatico-com-maleta-de-acessorios\/\" \/>\n<meta property=\"og:locale\" content=\"pt_BR\" \/>\n<meta property=\"og:type\" content=\"article\" \/>\n<meta property=\"og:title\" content=\"SGT-990402K - KIT SANGRADOR DE FREIO PNEUM\u00c1TICO COM MALETA DE ACESS\u00d3RIOS - Sigma Tools\" \/>\n<meta property=\"og:description\" content=\"C\u00f3digo do produto: 0701990402  C\u00f3digo de barras:\u00a07908276669347  &nbsp;  \ufeff  &nbsp;  &nbsp;  Caracter\u00edsticas  \u2022 Tanque de \u00f3leo com capacidade total de 6L; \u2022 Medidor de press\u00e3o com v\u00e1lvula reguladora ajust\u00e1vel; \u2022 Sistema pressurizado que permite sangria e recarga eficiente do freio; \u2022 Acompanha maleta com acess\u00f3rios para diferentes aplica\u00e7\u00f5es.  &nbsp;  Vantagens \u2022 Permite opera\u00e7\u00e3o por uma s\u00f3 pessoa com rapidez e seguran\u00e7a; \u2022 Alta capacidade para uso cont\u00ednuo e profissional; \u2022 Conex\u00f5es r\u00e1pidas e mangueira transparente facilitam o controle visual; \u2022 Ajuste preciso de press\u00e3o para diferentes sistemas de freio.  &nbsp;  Aplica\u00e7\u00f5es Ideal para profissionais que realizam sangria e troca de fluido de freio com efici\u00eancia.  &nbsp;  &nbsp;\" \/>\n<meta property=\"og:url\" content=\"https:\/\/www.sigmatools.com.br\/site\/produto\/sgt-990402k-kit-sangrador-de-freio-pneumatico-com-maleta-de-acessorios\/\" \/>\n<meta property=\"og:site_name\" content=\"Sigma Tools\" \/>\n<meta property=\"article:publisher\" content=\"https:\/\/www.facebook.com\/sigmatools\" \/>\n<meta property=\"article:modified_time\" content=\"2025-08-12T13:06:22+00:00\" \/>\n<meta property=\"og:image\" content=\"https:\/\/www.sigmatools.com.br\/site\/wp-content\/uploads\/2025\/05\/1-88.jpg\" \/>\n\t<meta property=\"og:image:width\" content=\"1000\" \/>\n\t<meta property=\"og:image:height\" content=\"1000\" \/>\n\t<meta property=\"og:image:type\" content=\"image\/jpeg\" \/>\n<meta name=\"twitter:card\" content=\"summary_large_image\" \/>\n<meta name=\"twitter:label1\" content=\"Est. tempo de leitura\" \/>\n\t<meta name=\"twitter:data1\" content=\"1 minuto\" \/>\n<script type=\"application\/ld+json\" class=\"yoast-schema-graph\">{\"@context\":\"https:\/\/schema.org\",\"@graph\":[{\"@type\":\"WebPage\",\"@id\":\"https:\/\/www.sigmatools.com.br\/site\/produto\/sgt-990402k-kit-sangrador-de-freio-pneumatico-com-maleta-de-acessorios\/\",\"url\":\"https:\/\/www.sigmatools.com.br\/site\/produto\/sgt-990402k-kit-sangrador-de-freio-pneumatico-com-maleta-de-acessorios\/\",\"name\":\"SGT-990402K - KIT SANGRADOR DE FREIO PNEUM\u00c1TICO COM MALETA DE ACESS\u00d3RIOS - Sigma Tools\",\"isPartOf\":{\"@id\":\"https:\/\/www.sigmatools.com.br\/site\/#website\"},\"primaryImageOfPage\":{\"@id\":\"https:\/\/www.sigmatools.com.br\/site\/produto\/sgt-990402k-kit-sangrador-de-freio-pneumatico-com-maleta-de-acessorios\/#primaryimage\"},\"image\":{\"@id\":\"https:\/\/www.sigmatools.com.br\/site\/produto\/sgt-990402k-kit-sangrador-de-freio-pneumatico-com-maleta-de-acessorios\/#primaryimage\"},\"thumbnailUrl\":\"https:\/\/www.sigmatools.com.br\/site\/wp-content\/uploads\/2025\/05\/1-88.jpg\",\"datePublished\":\"2025-05-19T18:48:53+00:00\",\"dateModified\":\"2025-08-12T13:06:22+00:00\",\"breadcrumb\":{\"@id\":\"https:\/\/www.sigmatools.com.br\/site\/produto\/sgt-990402k-kit-sangrador-de-freio-pneumatico-com-maleta-de-acessorios\/#breadcrumb\"},\"inLanguage\":\"pt-BR\",\"potentialAction\":[{\"@type\":\"ReadAction\",\"target\":[\"https:\/\/www.sigmatools.com.br\/site\/produto\/sgt-990402k-kit-sangrador-de-freio-pneumatico-com-maleta-de-acessorios\/\"]}]},{\"@type\":\"ImageObject\",\"inLanguage\":\"pt-BR\",\"@id\":\"https:\/\/www.sigmatools.com.br\/site\/produto\/sgt-990402k-kit-sangrador-de-freio-pneumatico-com-maleta-de-acessorios\/#primaryimage\",\"url\":\"https:\/\/www.sigmatools.com.br\/site\/wp-content\/uploads\/2025\/05\/1-88.jpg\",\"contentUrl\":\"https:\/\/www.sigmatools.com.br\/site\/wp-content\/uploads\/2025\/05\/1-88.jpg\",\"width\":1000,\"height\":1000},{\"@type\":\"BreadcrumbList\",\"@id\":\"https:\/\/www.sigmatools.com.br\/site\/produto\/sgt-990402k-kit-sangrador-de-freio-pneumatico-com-maleta-de-acessorios\/#breadcrumb\",\"itemListElement\":[{\"@type\":\"ListItem\",\"position\":1,\"name\":\"In\u00edcio\",\"item\":\"https:\/\/www.sigmatools.com.br\/site\/\"},{\"@type\":\"ListItem\",\"position\":2,\"name\":\"SGT-990402K &#8211; KIT SANGRADOR DE FREIO PNEUM\u00c1TICO COM MALETA DE ACESS\u00d3RIOS\"}]},{\"@type\":\"WebSite\",\"@id\":\"https:\/\/www.sigmatools.com.br\/site\/#website\",\"url\":\"https:\/\/www.sigmatools.com.br\/site\/\",\"name\":\"Sigma Tools\",\"description\":\"Equipamentos para Est\u00e9tica Automotiva e Oficina Mec\u00e2nica - Sigma Tools\",\"publisher\":{\"@id\":\"https:\/\/www.sigmatools.com.br\/site\/#organization\"},\"potentialAction\":[{\"@type\":\"SearchAction\",\"target\":{\"@type\":\"EntryPoint\",\"urlTemplate\":\"https:\/\/www.sigmatools.com.br\/site\/?s={search_term_string}\"},\"query-input\":{\"@type\":\"PropertyValueSpecification\",\"valueRequired\":true,\"valueName\":\"search_term_string\"}}],\"inLanguage\":\"pt-BR\"},{\"@type\":\"Organization\",\"@id\":\"https:\/\/www.sigmatools.com.br\/site\/#organization\",\"name\":\"SIGMA TOOLS\",\"url\":\"https:\/\/www.sigmatools.com.br\/site\/\",\"logo\":{\"@type\":\"ImageObject\",\"inLanguage\":\"pt-BR\",\"@id\":\"https:\/\/www.sigmatools.com.br\/site\/#\/schema\/logo\/image\/\",\"url\":\"https:\/\/www.sigmatools.com.br\/site\/wp-content\/uploads\/2020\/01\/logo-sigma.png\",\"contentUrl\":\"https:\/\/www.sigmatools.com.br\/site\/wp-content\/uploads\/2020\/01\/logo-sigma.png\",\"width\":152,\"height\":150,\"caption\":\"SIGMA TOOLS\"},\"image\":{\"@id\":\"https:\/\/www.sigmatools.com.br\/site\/#\/schema\/logo\/image\/\"},\"sameAs\":[\"https:\/\/www.facebook.com\/sigmatools\"]}]}<\/script>\n<!-- \/ Yoast SEO plugin. -->","yoast_head_json":{"title":"SGT-990402K - KIT SANGRADOR DE FREIO PNEUM\u00c1TICO COM MALETA DE ACESS\u00d3RIOS - Sigma Tools","robots":{"index":"index","follow":"follow","max-snippet":"max-snippet:-1","max-image-preview":"max-image-preview:large","max-video-preview":"max-video-preview:-1"},"canonical":"https:\/\/www.sigmatools.com.br\/site\/produto\/sgt-990402k-kit-sangrador-de-freio-pneumatico-com-maleta-de-acessorios\/","og_locale":"pt_BR","og_type":"article","og_title":"SGT-990402K - KIT SANGRADOR DE FREIO PNEUM\u00c1TICO COM MALETA DE ACESS\u00d3RIOS - Sigma Tools","og_description":"C\u00f3digo do produto: 0701990402  C\u00f3digo de barras:\u00a07908276669347  &nbsp;  \ufeff  &nbsp;  &nbsp;  Caracter\u00edsticas  \u2022 Tanque de \u00f3leo com capacidade total de 6L; \u2022 Medidor de press\u00e3o com v\u00e1lvula reguladora ajust\u00e1vel; \u2022 Sistema pressurizado que permite sangria e recarga eficiente do freio; \u2022 Acompanha maleta com acess\u00f3rios para diferentes aplica\u00e7\u00f5es.  &nbsp;  Vantagens \u2022 Permite opera\u00e7\u00e3o por uma s\u00f3 pessoa com rapidez e seguran\u00e7a; \u2022 Alta capacidade para uso cont\u00ednuo e profissional; \u2022 Conex\u00f5es r\u00e1pidas e mangueira transparente facilitam o controle visual; \u2022 Ajuste preciso de press\u00e3o para diferentes sistemas de freio.  &nbsp;  Aplica\u00e7\u00f5es Ideal para profissionais que realizam sangria e troca de fluido de freio com efici\u00eancia.  &nbsp;  &nbsp;","og_url":"https:\/\/www.sigmatools.com.br\/site\/produto\/sgt-990402k-kit-sangrador-de-freio-pneumatico-com-maleta-de-acessorios\/","og_site_name":"Sigma Tools","article_publisher":"https:\/\/www.facebook.com\/sigmatools","article_modified_time":"2025-08-12T13:06:22+00:00","og_image":[{"width":1000,"height":1000,"url":"https:\/\/www.sigmatools.com.br\/site\/wp-content\/uploads\/2025\/05\/1-88.jpg","type":"image\/jpeg"}],"twitter_card":"summary_large_image","twitter_misc":{"Est. tempo de leitura":"1 minuto"},"schema":{"@context":"https:\/\/schema.org","@graph":[{"@type":"WebPage","@id":"https:\/\/www.sigmatools.com.br\/site\/produto\/sgt-990402k-kit-sangrador-de-freio-pneumatico-com-maleta-de-acessorios\/","url":"https:\/\/www.sigmatools.com.br\/site\/produto\/sgt-990402k-kit-sangrador-de-freio-pneumatico-com-maleta-de-acessorios\/","name":"SGT-990402K - KIT SANGRADOR DE FREIO PNEUM\u00c1TICO COM MALETA DE ACESS\u00d3RIOS - Sigma Tools","isPartOf":{"@id":"https:\/\/www.sigmatools.com.br\/site\/#website"},"primaryImageOfPage":{"@id":"https:\/\/www.sigmatools.com.br\/site\/produto\/sgt-990402k-kit-sangrador-de-freio-pneumatico-com-maleta-de-acessorios\/#primaryimage"},"image":{"@id":"https:\/\/www.sigmatools.com.br\/site\/produto\/sgt-990402k-kit-sangrador-de-freio-pneumatico-com-maleta-de-acessorios\/#primaryimage"},"thumbnailUrl":"https:\/\/www.sigmatools.com.br\/site\/wp-content\/uploads\/2025\/05\/1-88.jpg","datePublished":"2025-05-19T18:48:53+00:00","dateModified":"2025-08-12T13:06:22+00:00","breadcrumb":{"@id":"https:\/\/www.sigmatools.com.br\/site\/produto\/sgt-990402k-kit-sangrador-de-freio-pneumatico-com-maleta-de-acessorios\/#breadcrumb"},"inLanguage":"pt-BR","potentialAction":[{"@type":"ReadAction","target":["https:\/\/www.sigmatools.com.br\/site\/produto\/sgt-990402k-kit-sangrador-de-freio-pneumatico-com-maleta-de-acessorios\/"]}]},{"@type":"ImageObject","inLanguage":"pt-BR","@id":"https:\/\/www.sigmatools.com.br\/site\/produto\/sgt-990402k-kit-sangrador-de-freio-pneumatico-com-maleta-de-acessorios\/#primaryimage","url":"https:\/\/www.sigmatools.com.br\/site\/wp-content\/uploads\/2025\/05\/1-88.jpg","contentUrl":"https:\/\/www.sigmatools.com.br\/site\/wp-content\/uploads\/2025\/05\/1-88.jpg","width":1000,"height":1000},{"@type":"BreadcrumbList","@id":"https:\/\/www.sigmatools.com.br\/site\/produto\/sgt-990402k-kit-sangrador-de-freio-pneumatico-com-maleta-de-acessorios\/#breadcrumb","itemListElement":[{"@type":"ListItem","position":1,"name":"In\u00edcio","item":"https:\/\/www.sigmatools.com.br\/site\/"},{"@type":"ListItem","position":2,"name":"SGT-990402K &#8211; KIT SANGRADOR DE FREIO PNEUM\u00c1TICO COM MALETA DE ACESS\u00d3RIOS"}]},{"@type":"WebSite","@id":"https:\/\/www.sigmatools.com.br\/site\/#website","url":"https:\/\/www.sigmatools.com.br\/site\/","name":"Sigma Tools","description":"Equipamentos para Est\u00e9tica Automotiva e Oficina Mec\u00e2nica - Sigma Tools","publisher":{"@id":"https:\/\/www.sigmatools.com.br\/site\/#organization"},"potentialAction":[{"@type":"SearchAction","target":{"@type":"EntryPoint","urlTemplate":"https:\/\/www.sigmatools.com.br\/site\/?s={search_term_string}"},"query-input":{"@type":"PropertyValueSpecification","valueRequired":true,"valueName":"search_term_string"}}],"inLanguage":"pt-BR"},{"@type":"Organization","@id":"https:\/\/www.sigmatools.com.br\/site\/#organization","name":"SIGMA TOOLS","url":"https:\/\/www.sigmatools.com.br\/site\/","logo":{"@type":"ImageObject","inLanguage":"pt-BR","@id":"https:\/\/www.sigmatools.com.br\/site\/#\/schema\/logo\/image\/","url":"https:\/\/www.sigmatools.com.br\/site\/wp-content\/uploads\/2020\/01\/logo-sigma.png","contentUrl":"https:\/\/www.sigmatools.com.br\/site\/wp-content\/uploads\/2020\/01\/logo-sigma.png","width":152,"height":150,"caption":"SIGMA TOOLS"},"image":{"@id":"https:\/\/www.sigmatools.com.br\/site\/#\/schema\/logo\/image\/"},"sameAs":["https:\/\/www.facebook.com\/sigmatools"]}]}},"_links":{"self":[{"href":"https:\/\/www.sigmatools.com.br\/site\/wp-json\/wp\/v2\/product\/10771","targetHints":{"allow":["GET"]}}],"collection":[{"href":"https:\/\/www.sigmatools.com.br\/site\/wp-json\/wp\/v2\/product"}],"about":[{"href":"https:\/\/www.sigmatools.com.br\/site\/wp-json\/wp\/v2\/types\/product"}],"replies":[{"embeddable":true,"href":"https:\/\/www.sigmatools.com.br\/site\/wp-json\/wp\/v2\/comments?post=10771"}],"wp:featuredmedia":[{"embeddable":true,"href":"https:\/\/www.sigmatools.com.br\/site\/wp-json\/wp\/v2\/media\/11481"}],"wp:attachment":[{"href":"https:\/\/www.sigmatools.com.br\/site\/wp-json\/wp\/v2\/media?parent=10771"}],"wp:term":[{"taxonomy":"product_brand","embeddable":true,"href":"https:\/\/www.sigmatools.com.br\/site\/wp-json\/wp\/v2\/product_brand?post=10771"},{"taxonomy":"product_cat","embeddable":true,"href":"https:\/\/www.sigmatools.com.br\/site\/wp-json\/wp\/v2\/product_cat?post=10771"},{"taxonomy":"product_tag","embeddable":true,"href":"https:\/\/www.sigmatools.com.br\/site\/wp-json\/wp\/v2\/product_tag?post=10771"}],"curies":[{"name":"wp","href":"https:\/\/api.w.org\/{rel}","templated":true}]}}