{"id":1113,"date":"2020-02-19T11:18:57","date_gmt":"2020-02-19T14:18:57","guid":{"rendered":"https:\/\/sigmatools.com.br\/site\/?post_type=product&#038;p=1113"},"modified":"2024-05-16T16:51:09","modified_gmt":"2024-05-16T19:51:09","slug":"sgt-0564-chave-impacto-pneumatica-1-longa-430kgf-m","status":"publish","type":"product","link":"https:\/\/www.sigmatools.com.br\/site\/produto\/sgt-0564-chave-impacto-pneumatica-1-longa-430kgf-m\/","title":{"rendered":"SGT-0564 &#8211; CHAVE IMPACTO PNEUM\u00c1TICA 1&#8243; LONGA (430kgf.m)"},"content":{"rendered":"","protected":false},"excerpt":{"rendered":"<p><strong>C\u00f3digo do produto:<\/strong> 0701056400<\/p>\n<p><strong>C\u00f3digo de barras:<\/strong> 7908276601064<\/p>\n<p>&nbsp;<\/p>\n<p>Indicado para opera\u00e7\u00f5es de aperto e desaperto de parafusos e porcas de rodas de caminh\u00f5es e \u00f4nibus ou situa\u00e7\u00f5es onde a demanda \u00e9 de alt\u00edssimo torque como manuten\u00e7\u00e3o de tratores, montagem e desmontagem de torres de energia e arquibancadas, feixes de molas e chassis de ve\u00edculos pesados.<\/p>\n<p>&nbsp;<\/p>\n<p><strong>Caracter\u00edsticas:<\/strong><\/p>\n<p>\u2022 Carca\u00e7a em alum\u00ednio;<br \/>\n\u2022 Desenho ergon\u00f4mico;<br \/>\n\u2022 Regulagem de torque em 3 n\u00edveis;<br \/>\n\u2022 Exaust\u00e3o de ar atrav\u00e9s do cabo;<br \/>\n\u2022 Mecanismo de impacto tipo Pinless;<br \/>\n\u2022 M\u00e1quina para servi\u00e7os pesados (Heavy Duty).<\/p>\n<p>&nbsp;<\/p>\n<p><strong>Informa\u00e7\u00f5es T\u00e9cnicas:<\/strong><\/p>\n<p><strong>Velocidade Livre (rpm)<\/strong>: 3.200<br \/>\n<strong>Encaixe quadrado (pol):<\/strong> 1\u201d<br \/>\n<strong>Torque m\u00e1ximo (ft.lbs\/kgf.m):<\/strong> 3.112 \/ 430,25<br \/>\n<strong>Peso (kg):<\/strong> 17,300<\/p>\n<p>&nbsp;<\/p>\n<p><strong>Acess\u00f3rios:<\/strong><\/p>\n<p>O equipamento segue com 4 soquetes nas seguintes medidas:<br \/>\n&#8211; 27mm;<br \/>\n&#8211; 30mm;<br \/>\n&#8211; 32mm;<br \/>\n&#8211; 33mm.<\/p>\n<p>&nbsp;<\/p>\n[button size=\"small\" icon=\"\" target=\"_blank\" text_align=\"left\" text=\"Informativo\" link=\"http:\/\/www.sigmatools.com.br\/site\/arquivos\/informativos\/SGT-0564%20-%20Chave%20Impacto%201%20Longa%20%28430KG%29.pdf\" color=\"#ffffff\" hover_color=\"#ffffff\" background_color=\"#353535\" hover_background_color=\"#dd3333\" border_color=\"#353535\" hover_border_color=\"#dd3333\"]\n[button size=\"small\" icon=\"\" target=\"_blank\" text_align=\"left\" text=\"Vista Explodida\" link=\"http:\/\/www.sigmatools.com.br\/site\/arquivos\/vista-explodida\/SGT-0564%20-%20Chave%20de%20Impacto%201%20Longa%20VE.pdf\" color=\"#ffffff\" hover_color=\"#ffffff\" background_color=\"#353535\" hover_background_color=\"#dd3333\" border_color=\"#353535\" hover_border_color=\"#dd3333\"]","protected":false},"featured_media":5341,"comment_status":"open","ping_status":"closed","template":"","meta":{"_jet_sm_ready_style":"","_jet_sm_style":"","_jet_sm_controls_values":"","_jet_sm_fonts_collection":"","_jet_sm_fonts_links":""},"product_brand":[],"product_cat":[113,60,82,15],"product_tag":[],"class_list":{"0":"post-1113","1":"product","2":"type-product","3":"status-publish","4":"has-post-thumbnail","6":"product_cat-chaves-de-impacto","7":"product_cat-catalogo-geral","8":"product_cat-aperto-e-desaperto","9":"product_cat-sigma-tools","11":"first","12":"instock","13":"shipping-taxable","14":"product-type-simple"},"yoast_head":"<!-- This site is optimized with the Yoast SEO plugin v27.1.1 - https:\/\/yoast.com\/product\/yoast-seo-wordpress\/ -->\n<title>SGT-0564 - CHAVE IMPACTO PNEUM\u00c1TICA 1&quot; LONGA (430kgf.m) - Sigma Tools<\/title>\n<meta name=\"robots\" content=\"index, follow, max-snippet:-1, max-image-preview:large, max-video-preview:-1\" \/>\n<link rel=\"canonical\" href=\"https:\/\/www.sigmatools.com.br\/site\/produto\/sgt-0564-chave-impacto-pneumatica-1-longa-430kgf-m\/\" \/>\n<meta property=\"og:locale\" content=\"pt_BR\" \/>\n<meta property=\"og:type\" content=\"article\" \/>\n<meta property=\"og:title\" content=\"SGT-0564 - CHAVE IMPACTO PNEUM\u00c1TICA 1&quot; LONGA (430kgf.m) - Sigma Tools\" \/>\n<meta property=\"og:description\" content=\"C\u00f3digo do produto: 0701056400  C\u00f3digo de barras: 7908276601064  &nbsp;  Indicado para opera\u00e7\u00f5es de aperto e desaperto de parafusos e porcas de rodas de caminh\u00f5es e \u00f4nibus ou situa\u00e7\u00f5es onde a demanda \u00e9 de alt\u00edssimo torque como manuten\u00e7\u00e3o de tratores, montagem e desmontagem de torres de energia e arquibancadas, feixes de molas e chassis de ve\u00edculos pesados.  &nbsp;  Caracter\u00edsticas:  \u2022 Carca\u00e7a em alum\u00ednio; \u2022 Desenho ergon\u00f4mico; \u2022 Regulagem de torque em 3 n\u00edveis; \u2022 Exaust\u00e3o de ar atrav\u00e9s do cabo; \u2022 Mecanismo de impacto tipo Pinless; \u2022 M\u00e1quina para servi\u00e7os pesados (Heavy Duty).  &nbsp;  Informa\u00e7\u00f5es T\u00e9cnicas:  Velocidade Livre (rpm): 3.200 Encaixe quadrado (pol): 1\u201d Torque m\u00e1ximo (ft.lbs\/kgf.m): 3.112 \/ 430,25 Peso (kg): 17,300  &nbsp;  Acess\u00f3rios:  O equipamento segue com 4 soquetes nas seguintes medidas: - 27mm; - 30mm; - 32mm; - 33mm.  &nbsp;\" \/>\n<meta property=\"og:url\" content=\"https:\/\/www.sigmatools.com.br\/site\/produto\/sgt-0564-chave-impacto-pneumatica-1-longa-430kgf-m\/\" \/>\n<meta property=\"og:site_name\" content=\"Sigma Tools\" \/>\n<meta property=\"article:publisher\" content=\"https:\/\/www.facebook.com\/sigmatools\" \/>\n<meta property=\"article:modified_time\" content=\"2024-05-16T19:51:09+00:00\" \/>\n<meta property=\"og:image\" content=\"https:\/\/www.sigmatools.com.br\/site\/wp-content\/uploads\/2020\/02\/SGT-0564-1000x1000-1.png\" \/>\n\t<meta property=\"og:image:width\" content=\"1000\" \/>\n\t<meta property=\"og:image:height\" content=\"1000\" \/>\n\t<meta property=\"og:image:type\" content=\"image\/png\" \/>\n<meta name=\"twitter:card\" content=\"summary_large_image\" \/>\n<script type=\"application\/ld+json\" class=\"yoast-schema-graph\">{\"@context\":\"https:\/\/schema.org\",\"@graph\":[{\"@type\":\"WebPage\",\"@id\":\"https:\/\/www.sigmatools.com.br\/site\/produto\/sgt-0564-chave-impacto-pneumatica-1-longa-430kgf-m\/\",\"url\":\"https:\/\/www.sigmatools.com.br\/site\/produto\/sgt-0564-chave-impacto-pneumatica-1-longa-430kgf-m\/\",\"name\":\"SGT-0564 - CHAVE IMPACTO PNEUM\u00c1TICA 1\\\" LONGA (430kgf.m) - Sigma Tools\",\"isPartOf\":{\"@id\":\"https:\/\/www.sigmatools.com.br\/site\/#website\"},\"primaryImageOfPage\":{\"@id\":\"https:\/\/www.sigmatools.com.br\/site\/produto\/sgt-0564-chave-impacto-pneumatica-1-longa-430kgf-m\/#primaryimage\"},\"image\":{\"@id\":\"https:\/\/www.sigmatools.com.br\/site\/produto\/sgt-0564-chave-impacto-pneumatica-1-longa-430kgf-m\/#primaryimage\"},\"thumbnailUrl\":\"https:\/\/www.sigmatools.com.br\/site\/wp-content\/uploads\/2020\/02\/SGT-0564-1000x1000-1.png\",\"datePublished\":\"2020-02-19T14:18:57+00:00\",\"dateModified\":\"2024-05-16T19:51:09+00:00\",\"breadcrumb\":{\"@id\":\"https:\/\/www.sigmatools.com.br\/site\/produto\/sgt-0564-chave-impacto-pneumatica-1-longa-430kgf-m\/#breadcrumb\"},\"inLanguage\":\"pt-BR\",\"potentialAction\":[{\"@type\":\"ReadAction\",\"target\":[\"https:\/\/www.sigmatools.com.br\/site\/produto\/sgt-0564-chave-impacto-pneumatica-1-longa-430kgf-m\/\"]}]},{\"@type\":\"ImageObject\",\"inLanguage\":\"pt-BR\",\"@id\":\"https:\/\/www.sigmatools.com.br\/site\/produto\/sgt-0564-chave-impacto-pneumatica-1-longa-430kgf-m\/#primaryimage\",\"url\":\"https:\/\/www.sigmatools.com.br\/site\/wp-content\/uploads\/2020\/02\/SGT-0564-1000x1000-1.png\",\"contentUrl\":\"https:\/\/www.sigmatools.com.br\/site\/wp-content\/uploads\/2020\/02\/SGT-0564-1000x1000-1.png\",\"width\":1000,\"height\":1000},{\"@type\":\"BreadcrumbList\",\"@id\":\"https:\/\/www.sigmatools.com.br\/site\/produto\/sgt-0564-chave-impacto-pneumatica-1-longa-430kgf-m\/#breadcrumb\",\"itemListElement\":[{\"@type\":\"ListItem\",\"position\":1,\"name\":\"In\u00edcio\",\"item\":\"https:\/\/www.sigmatools.com.br\/site\/\"},{\"@type\":\"ListItem\",\"position\":2,\"name\":\"SGT-0564 &#8211; CHAVE IMPACTO PNEUM\u00c1TICA 1&#8243; LONGA (430kgf.m)\"}]},{\"@type\":\"WebSite\",\"@id\":\"https:\/\/www.sigmatools.com.br\/site\/#website\",\"url\":\"https:\/\/www.sigmatools.com.br\/site\/\",\"name\":\"Sigma Tools\",\"description\":\"Equipamentos para Est\u00e9tica Automotiva e Oficina Mec\u00e2nica - Sigma Tools\",\"publisher\":{\"@id\":\"https:\/\/www.sigmatools.com.br\/site\/#organization\"},\"potentialAction\":[{\"@type\":\"SearchAction\",\"target\":{\"@type\":\"EntryPoint\",\"urlTemplate\":\"https:\/\/www.sigmatools.com.br\/site\/?s={search_term_string}\"},\"query-input\":{\"@type\":\"PropertyValueSpecification\",\"valueRequired\":true,\"valueName\":\"search_term_string\"}}],\"inLanguage\":\"pt-BR\"},{\"@type\":\"Organization\",\"@id\":\"https:\/\/www.sigmatools.com.br\/site\/#organization\",\"name\":\"SIGMA TOOLS\",\"url\":\"https:\/\/www.sigmatools.com.br\/site\/\",\"logo\":{\"@type\":\"ImageObject\",\"inLanguage\":\"pt-BR\",\"@id\":\"https:\/\/www.sigmatools.com.br\/site\/#\/schema\/logo\/image\/\",\"url\":\"https:\/\/www.sigmatools.com.br\/site\/wp-content\/uploads\/2020\/01\/logo-sigma.png\",\"contentUrl\":\"https:\/\/www.sigmatools.com.br\/site\/wp-content\/uploads\/2020\/01\/logo-sigma.png\",\"width\":152,\"height\":150,\"caption\":\"SIGMA TOOLS\"},\"image\":{\"@id\":\"https:\/\/www.sigmatools.com.br\/site\/#\/schema\/logo\/image\/\"},\"sameAs\":[\"https:\/\/www.facebook.com\/sigmatools\"]}]}<\/script>\n<!-- \/ Yoast SEO plugin. -->","yoast_head_json":{"title":"SGT-0564 - CHAVE IMPACTO PNEUM\u00c1TICA 1\" LONGA (430kgf.m) - Sigma Tools","robots":{"index":"index","follow":"follow","max-snippet":"max-snippet:-1","max-image-preview":"max-image-preview:large","max-video-preview":"max-video-preview:-1"},"canonical":"https:\/\/www.sigmatools.com.br\/site\/produto\/sgt-0564-chave-impacto-pneumatica-1-longa-430kgf-m\/","og_locale":"pt_BR","og_type":"article","og_title":"SGT-0564 - CHAVE IMPACTO PNEUM\u00c1TICA 1\" LONGA (430kgf.m) - Sigma Tools","og_description":"C\u00f3digo do produto: 0701056400  C\u00f3digo de barras: 7908276601064  &nbsp;  Indicado para opera\u00e7\u00f5es de aperto e desaperto de parafusos e porcas de rodas de caminh\u00f5es e \u00f4nibus ou situa\u00e7\u00f5es onde a demanda \u00e9 de alt\u00edssimo torque como manuten\u00e7\u00e3o de tratores, montagem e desmontagem de torres de energia e arquibancadas, feixes de molas e chassis de ve\u00edculos pesados.  &nbsp;  Caracter\u00edsticas:  \u2022 Carca\u00e7a em alum\u00ednio; \u2022 Desenho ergon\u00f4mico; \u2022 Regulagem de torque em 3 n\u00edveis; \u2022 Exaust\u00e3o de ar atrav\u00e9s do cabo; \u2022 Mecanismo de impacto tipo Pinless; \u2022 M\u00e1quina para servi\u00e7os pesados (Heavy Duty).  &nbsp;  Informa\u00e7\u00f5es T\u00e9cnicas:  Velocidade Livre (rpm): 3.200 Encaixe quadrado (pol): 1\u201d Torque m\u00e1ximo (ft.lbs\/kgf.m): 3.112 \/ 430,25 Peso (kg): 17,300  &nbsp;  Acess\u00f3rios:  O equipamento segue com 4 soquetes nas seguintes medidas: - 27mm; - 30mm; - 32mm; - 33mm.  &nbsp;","og_url":"https:\/\/www.sigmatools.com.br\/site\/produto\/sgt-0564-chave-impacto-pneumatica-1-longa-430kgf-m\/","og_site_name":"Sigma Tools","article_publisher":"https:\/\/www.facebook.com\/sigmatools","article_modified_time":"2024-05-16T19:51:09+00:00","og_image":[{"width":1000,"height":1000,"url":"https:\/\/www.sigmatools.com.br\/site\/wp-content\/uploads\/2020\/02\/SGT-0564-1000x1000-1.png","type":"image\/png"}],"twitter_card":"summary_large_image","schema":{"@context":"https:\/\/schema.org","@graph":[{"@type":"WebPage","@id":"https:\/\/www.sigmatools.com.br\/site\/produto\/sgt-0564-chave-impacto-pneumatica-1-longa-430kgf-m\/","url":"https:\/\/www.sigmatools.com.br\/site\/produto\/sgt-0564-chave-impacto-pneumatica-1-longa-430kgf-m\/","name":"SGT-0564 - CHAVE IMPACTO PNEUM\u00c1TICA 1\" LONGA (430kgf.m) - Sigma Tools","isPartOf":{"@id":"https:\/\/www.sigmatools.com.br\/site\/#website"},"primaryImageOfPage":{"@id":"https:\/\/www.sigmatools.com.br\/site\/produto\/sgt-0564-chave-impacto-pneumatica-1-longa-430kgf-m\/#primaryimage"},"image":{"@id":"https:\/\/www.sigmatools.com.br\/site\/produto\/sgt-0564-chave-impacto-pneumatica-1-longa-430kgf-m\/#primaryimage"},"thumbnailUrl":"https:\/\/www.sigmatools.com.br\/site\/wp-content\/uploads\/2020\/02\/SGT-0564-1000x1000-1.png","datePublished":"2020-02-19T14:18:57+00:00","dateModified":"2024-05-16T19:51:09+00:00","breadcrumb":{"@id":"https:\/\/www.sigmatools.com.br\/site\/produto\/sgt-0564-chave-impacto-pneumatica-1-longa-430kgf-m\/#breadcrumb"},"inLanguage":"pt-BR","potentialAction":[{"@type":"ReadAction","target":["https:\/\/www.sigmatools.com.br\/site\/produto\/sgt-0564-chave-impacto-pneumatica-1-longa-430kgf-m\/"]}]},{"@type":"ImageObject","inLanguage":"pt-BR","@id":"https:\/\/www.sigmatools.com.br\/site\/produto\/sgt-0564-chave-impacto-pneumatica-1-longa-430kgf-m\/#primaryimage","url":"https:\/\/www.sigmatools.com.br\/site\/wp-content\/uploads\/2020\/02\/SGT-0564-1000x1000-1.png","contentUrl":"https:\/\/www.sigmatools.com.br\/site\/wp-content\/uploads\/2020\/02\/SGT-0564-1000x1000-1.png","width":1000,"height":1000},{"@type":"BreadcrumbList","@id":"https:\/\/www.sigmatools.com.br\/site\/produto\/sgt-0564-chave-impacto-pneumatica-1-longa-430kgf-m\/#breadcrumb","itemListElement":[{"@type":"ListItem","position":1,"name":"In\u00edcio","item":"https:\/\/www.sigmatools.com.br\/site\/"},{"@type":"ListItem","position":2,"name":"SGT-0564 &#8211; CHAVE IMPACTO PNEUM\u00c1TICA 1&#8243; LONGA (430kgf.m)"}]},{"@type":"WebSite","@id":"https:\/\/www.sigmatools.com.br\/site\/#website","url":"https:\/\/www.sigmatools.com.br\/site\/","name":"Sigma Tools","description":"Equipamentos para Est\u00e9tica Automotiva e Oficina Mec\u00e2nica - Sigma Tools","publisher":{"@id":"https:\/\/www.sigmatools.com.br\/site\/#organization"},"potentialAction":[{"@type":"SearchAction","target":{"@type":"EntryPoint","urlTemplate":"https:\/\/www.sigmatools.com.br\/site\/?s={search_term_string}"},"query-input":{"@type":"PropertyValueSpecification","valueRequired":true,"valueName":"search_term_string"}}],"inLanguage":"pt-BR"},{"@type":"Organization","@id":"https:\/\/www.sigmatools.com.br\/site\/#organization","name":"SIGMA TOOLS","url":"https:\/\/www.sigmatools.com.br\/site\/","logo":{"@type":"ImageObject","inLanguage":"pt-BR","@id":"https:\/\/www.sigmatools.com.br\/site\/#\/schema\/logo\/image\/","url":"https:\/\/www.sigmatools.com.br\/site\/wp-content\/uploads\/2020\/01\/logo-sigma.png","contentUrl":"https:\/\/www.sigmatools.com.br\/site\/wp-content\/uploads\/2020\/01\/logo-sigma.png","width":152,"height":150,"caption":"SIGMA TOOLS"},"image":{"@id":"https:\/\/www.sigmatools.com.br\/site\/#\/schema\/logo\/image\/"},"sameAs":["https:\/\/www.facebook.com\/sigmatools"]}]}},"_links":{"self":[{"href":"https:\/\/www.sigmatools.com.br\/site\/wp-json\/wp\/v2\/product\/1113","targetHints":{"allow":["GET"]}}],"collection":[{"href":"https:\/\/www.sigmatools.com.br\/site\/wp-json\/wp\/v2\/product"}],"about":[{"href":"https:\/\/www.sigmatools.com.br\/site\/wp-json\/wp\/v2\/types\/product"}],"replies":[{"embeddable":true,"href":"https:\/\/www.sigmatools.com.br\/site\/wp-json\/wp\/v2\/comments?post=1113"}],"wp:featuredmedia":[{"embeddable":true,"href":"https:\/\/www.sigmatools.com.br\/site\/wp-json\/wp\/v2\/media\/5341"}],"wp:attachment":[{"href":"https:\/\/www.sigmatools.com.br\/site\/wp-json\/wp\/v2\/media?parent=1113"}],"wp:term":[{"taxonomy":"product_brand","embeddable":true,"href":"https:\/\/www.sigmatools.com.br\/site\/wp-json\/wp\/v2\/product_brand?post=1113"},{"taxonomy":"product_cat","embeddable":true,"href":"https:\/\/www.sigmatools.com.br\/site\/wp-json\/wp\/v2\/product_cat?post=1113"},{"taxonomy":"product_tag","embeddable":true,"href":"https:\/\/www.sigmatools.com.br\/site\/wp-json\/wp\/v2\/product_tag?post=1113"}],"curies":[{"name":"wp","href":"https:\/\/api.w.org\/{rel}","templated":true}]}}