{"id":11696,"date":"2025-09-16T16:26:46","date_gmt":"2025-09-16T19:26:46","guid":{"rendered":"https:\/\/www.sigmatools.com.br\/site\/?post_type=product&#038;p=11696"},"modified":"2025-09-16T16:56:28","modified_gmt":"2025-09-16T19:56:28","slug":"sgt-kit22-jogo-de-soquetes-estriados-8-a-32mm-1-2","status":"publish","type":"product","link":"https:\/\/www.sigmatools.com.br\/site\/produto\/sgt-kit22-jogo-de-soquetes-estriados-8-a-32mm-1-2\/","title":{"rendered":"SGT-KIT22 &#8211; JOGO DE SOQUETES ESTRIADOS 8 A 32MM 1\/2&#8243;"},"content":{"rendered":"","protected":false},"excerpt":{"rendered":"<p><strong>C\u00f3digo do produto:<\/strong> 0699940043<\/p>\n<p><strong>C\u00f3digo de barras:<\/strong> 7908276680182<\/p>\n<p>&nbsp;<\/p>\n<p>&nbsp;<\/p>\n<p><strong>Composi\u00e7\u00e3o<\/strong><\/p>\n<p>1 Cabo T &#8211; 10\u201d| 1 Extens\u00e3o de 5\u201d | 1 Extens\u00e3o de 10\u201d.<br \/>\n18 Soquetes de 1\/2\u201d: 8mm, 9mm, 10mm, 11mm, 12mm, 13mm, 14mm, 15mm, 16mm, 17mm, 18mm, 19mm, 21mm, 22mm, 24mm, 27mm, 30mm, 32mm.<br \/>\n1 Chave Catraca de 1\/2\u201d.<\/p>\n<p>&nbsp;<\/p>\n<p><strong>Especifica\u00e7\u00f5es T\u00e9cnicas<\/strong><br \/>\n\u2022 Peso aproximado: 3,36 kg<br \/>\n\u2022 Dimens\u00f5es: 23 \u00d7 30 \u00d7 7,5 cm<\/p>\n<p>&nbsp;<\/p>\n<p><strong>Vantagens<\/strong><br \/>\n\u2022 Perfil estriado com o dobro de posi\u00e7\u00f5es de encaixe;<br \/>\n\u2022 Maior agilidade na remo\u00e7\u00e3o e fixa\u00e7\u00e3o de porcas e parafusos;<br \/>\n\u2022 Acess\u00f3rios vers\u00e1teis que ampliam as aplica\u00e7\u00f5es;<br \/>\n\u2022 Cabo antiderrapante que garante conforto e seguran\u00e7a;<br \/>\n\u2022 Maleta resistente para organiza\u00e7\u00e3o e transporte.<\/p>\n<p>&nbsp;<\/p>\n<p><strong>Caracter\u00edsticas<\/strong><br \/>\n\u2022 Conjunto com 22 pe\u00e7as, incluindo soquetes sextavados (8 a 32 mm) e estriados (10 a 17 mm);<br \/>\n\u2022 Acompanha acess\u00f3rios essenciais: chave catraca revers\u00edvel 1\/2\u201d, extensores de 5\u201d e 10\u201d, soquetes de vela (16 e 21 mm), adaptador e soquete articulado;<br \/>\n\u2022 Fabricado em a\u00e7o cromo-van\u00e1dio de alta resist\u00eancia e durabilidade;<br \/>\n\u2022 Perfil estriado (12 pontos) que oferece maior n\u00famero de \u00e2ngulos de trabalho;<br \/>\n\u2022 Catraca com cabo emborrachado ergon\u00f4mico para conforto e seguran\u00e7a no uso prolongado;<br \/>\n\u2022 Maleta pl\u00e1stica inovadora e ultra resistente para transporte e organiza\u00e7\u00e3o.<\/p>\n<p>&nbsp;<\/p>\n<p><strong>Aplica\u00e7\u00e3o<\/strong><br \/>\nIdeal para manuten\u00e7\u00e3o automotiva, reparos mec\u00e2nicos e servi\u00e7os gerais com precis\u00e3o e praticidade.<\/p>\n<p>&nbsp;<\/p>\n<p>&nbsp;<\/p>\n[button size=\"small\" icon=\"\" target=\"_blank\" text_align=\"left\" text=\"Informativo\" link=\"http:\/\/www.sigmatools.com.br\/site\/arquivos\/informativos\/SGT-KIT22%20-%20JOGO%20DE%20SOQUETES%20ESTRIADOS%208%20A%2032%20-%20INFO.pdf\" color=\"#ffffff\" hover_color=\"#ffffff\" background_color=\"#353535\" hover_background_color=\"#dd3333\" border_color=\"#353535\" hover_border_color=\"#dd3333\"]","protected":false},"featured_media":11697,"comment_status":"open","ping_status":"closed","template":"","meta":{"_jet_sm_ready_style":"","_jet_sm_style":"","_jet_sm_controls_values":"","_jet_sm_fonts_collection":"","_jet_sm_fonts_links":""},"product_brand":[],"product_cat":[218,110,60,101,15],"product_tag":[],"class_list":{"0":"post-11696","1":"product","2":"type-product","3":"status-publish","4":"has-post-thumbnail","6":"product_cat-destaque","7":"product_cat-ferramentas","8":"product_cat-catalogo-geral","9":"product_cat-automotivo","10":"product_cat-sigma-tools","12":"first","13":"instock","14":"shipping-taxable","15":"product-type-simple"},"yoast_head":"<!-- This site is optimized with the Yoast SEO plugin v27.1.1 - https:\/\/yoast.com\/product\/yoast-seo-wordpress\/ -->\n<title>SGT-KIT22 - JOGO DE SOQUETES ESTRIADOS 8 A 32MM 1\/2&quot; - Sigma Tools<\/title>\n<meta name=\"robots\" content=\"index, follow, max-snippet:-1, max-image-preview:large, max-video-preview:-1\" \/>\n<link rel=\"canonical\" href=\"https:\/\/www.sigmatools.com.br\/site\/produto\/sgt-kit22-jogo-de-soquetes-estriados-8-a-32mm-1-2\/\" \/>\n<meta property=\"og:locale\" content=\"pt_BR\" \/>\n<meta property=\"og:type\" content=\"article\" \/>\n<meta property=\"og:title\" content=\"SGT-KIT22 - JOGO DE SOQUETES ESTRIADOS 8 A 32MM 1\/2&quot; - Sigma Tools\" \/>\n<meta property=\"og:description\" content=\"C\u00f3digo do produto: 0699940043  C\u00f3digo de barras: 7908276680182  &nbsp;  &nbsp;  Composi\u00e7\u00e3o  1 Cabo T - 10\u201d| 1 Extens\u00e3o de 5\u201d | 1 Extens\u00e3o de 10\u201d. 18 Soquetes de 1\/2\u201d: 8mm, 9mm, 10mm, 11mm, 12mm, 13mm, 14mm, 15mm, 16mm, 17mm, 18mm, 19mm, 21mm, 22mm, 24mm, 27mm, 30mm, 32mm. 1 Chave Catraca de 1\/2\u201d.  &nbsp;  Especifica\u00e7\u00f5es T\u00e9cnicas \u2022 Peso aproximado: 3,36 kg \u2022 Dimens\u00f5es: 23 \u00d7 30 \u00d7 7,5 cm  &nbsp;  Vantagens \u2022 Perfil estriado com o dobro de posi\u00e7\u00f5es de encaixe; \u2022 Maior agilidade na remo\u00e7\u00e3o e fixa\u00e7\u00e3o de porcas e parafusos; \u2022 Acess\u00f3rios vers\u00e1teis que ampliam as aplica\u00e7\u00f5es; \u2022 Cabo antiderrapante que garante conforto e seguran\u00e7a; \u2022 Maleta resistente para organiza\u00e7\u00e3o e transporte.  &nbsp;  Caracter\u00edsticas \u2022 Conjunto com 22 pe\u00e7as, incluindo soquetes sextavados (8 a 32 mm) e estriados (10 a 17 mm); \u2022 Acompanha acess\u00f3rios essenciais: chave catraca revers\u00edvel 1\/2\u201d, extensores de 5\u201d e 10\u201d, soquetes de vela (16 e 21 mm), adaptador e soquete articulado; \u2022 Fabricado em a\u00e7o cromo-van\u00e1dio de alta resist\u00eancia e durabilidade; \u2022 Perfil estriado (12 pontos) que oferece maior n\u00famero de \u00e2ngulos de trabalho; \u2022 Catraca com cabo emborrachado ergon\u00f4mico para conforto e seguran\u00e7a no uso prolongado; \u2022 Maleta pl\u00e1stica inovadora e ultra resistente para transporte e organiza\u00e7\u00e3o.  &nbsp;  Aplica\u00e7\u00e3o Ideal para manuten\u00e7\u00e3o automotiva, reparos mec\u00e2nicos e servi\u00e7os gerais com precis\u00e3o e praticidade.  &nbsp;  &nbsp;\" \/>\n<meta property=\"og:url\" content=\"https:\/\/www.sigmatools.com.br\/site\/produto\/sgt-kit22-jogo-de-soquetes-estriados-8-a-32mm-1-2\/\" \/>\n<meta property=\"og:site_name\" content=\"Sigma Tools\" \/>\n<meta property=\"article:publisher\" content=\"https:\/\/www.facebook.com\/sigmatools\" \/>\n<meta property=\"article:modified_time\" content=\"2025-09-16T19:56:28+00:00\" \/>\n<meta property=\"og:image\" content=\"https:\/\/www.sigmatools.com.br\/site\/wp-content\/uploads\/2025\/09\/1-3.jpg\" \/>\n\t<meta property=\"og:image:width\" content=\"1000\" \/>\n\t<meta property=\"og:image:height\" content=\"1000\" \/>\n\t<meta property=\"og:image:type\" content=\"image\/jpeg\" \/>\n<meta name=\"twitter:card\" content=\"summary_large_image\" \/>\n<meta name=\"twitter:label1\" content=\"Est. tempo de leitura\" \/>\n\t<meta name=\"twitter:data1\" content=\"1 minuto\" \/>\n<script type=\"application\/ld+json\" class=\"yoast-schema-graph\">{\"@context\":\"https:\/\/schema.org\",\"@graph\":[{\"@type\":\"WebPage\",\"@id\":\"https:\/\/www.sigmatools.com.br\/site\/produto\/sgt-kit22-jogo-de-soquetes-estriados-8-a-32mm-1-2\/\",\"url\":\"https:\/\/www.sigmatools.com.br\/site\/produto\/sgt-kit22-jogo-de-soquetes-estriados-8-a-32mm-1-2\/\",\"name\":\"SGT-KIT22 - JOGO DE SOQUETES ESTRIADOS 8 A 32MM 1\/2\\\" - Sigma Tools\",\"isPartOf\":{\"@id\":\"https:\/\/www.sigmatools.com.br\/site\/#website\"},\"primaryImageOfPage\":{\"@id\":\"https:\/\/www.sigmatools.com.br\/site\/produto\/sgt-kit22-jogo-de-soquetes-estriados-8-a-32mm-1-2\/#primaryimage\"},\"image\":{\"@id\":\"https:\/\/www.sigmatools.com.br\/site\/produto\/sgt-kit22-jogo-de-soquetes-estriados-8-a-32mm-1-2\/#primaryimage\"},\"thumbnailUrl\":\"https:\/\/www.sigmatools.com.br\/site\/wp-content\/uploads\/2025\/09\/1-3.jpg\",\"datePublished\":\"2025-09-16T19:26:46+00:00\",\"dateModified\":\"2025-09-16T19:56:28+00:00\",\"breadcrumb\":{\"@id\":\"https:\/\/www.sigmatools.com.br\/site\/produto\/sgt-kit22-jogo-de-soquetes-estriados-8-a-32mm-1-2\/#breadcrumb\"},\"inLanguage\":\"pt-BR\",\"potentialAction\":[{\"@type\":\"ReadAction\",\"target\":[\"https:\/\/www.sigmatools.com.br\/site\/produto\/sgt-kit22-jogo-de-soquetes-estriados-8-a-32mm-1-2\/\"]}]},{\"@type\":\"ImageObject\",\"inLanguage\":\"pt-BR\",\"@id\":\"https:\/\/www.sigmatools.com.br\/site\/produto\/sgt-kit22-jogo-de-soquetes-estriados-8-a-32mm-1-2\/#primaryimage\",\"url\":\"https:\/\/www.sigmatools.com.br\/site\/wp-content\/uploads\/2025\/09\/1-3.jpg\",\"contentUrl\":\"https:\/\/www.sigmatools.com.br\/site\/wp-content\/uploads\/2025\/09\/1-3.jpg\",\"width\":1000,\"height\":1000},{\"@type\":\"BreadcrumbList\",\"@id\":\"https:\/\/www.sigmatools.com.br\/site\/produto\/sgt-kit22-jogo-de-soquetes-estriados-8-a-32mm-1-2\/#breadcrumb\",\"itemListElement\":[{\"@type\":\"ListItem\",\"position\":1,\"name\":\"In\u00edcio\",\"item\":\"https:\/\/www.sigmatools.com.br\/site\/\"},{\"@type\":\"ListItem\",\"position\":2,\"name\":\"SGT-KIT22 &#8211; JOGO DE SOQUETES ESTRIADOS 8 A 32MM 1\/2&#8243;\"}]},{\"@type\":\"WebSite\",\"@id\":\"https:\/\/www.sigmatools.com.br\/site\/#website\",\"url\":\"https:\/\/www.sigmatools.com.br\/site\/\",\"name\":\"Sigma Tools\",\"description\":\"Equipamentos para Est\u00e9tica Automotiva e Oficina Mec\u00e2nica - Sigma Tools\",\"publisher\":{\"@id\":\"https:\/\/www.sigmatools.com.br\/site\/#organization\"},\"potentialAction\":[{\"@type\":\"SearchAction\",\"target\":{\"@type\":\"EntryPoint\",\"urlTemplate\":\"https:\/\/www.sigmatools.com.br\/site\/?s={search_term_string}\"},\"query-input\":{\"@type\":\"PropertyValueSpecification\",\"valueRequired\":true,\"valueName\":\"search_term_string\"}}],\"inLanguage\":\"pt-BR\"},{\"@type\":\"Organization\",\"@id\":\"https:\/\/www.sigmatools.com.br\/site\/#organization\",\"name\":\"SIGMA TOOLS\",\"url\":\"https:\/\/www.sigmatools.com.br\/site\/\",\"logo\":{\"@type\":\"ImageObject\",\"inLanguage\":\"pt-BR\",\"@id\":\"https:\/\/www.sigmatools.com.br\/site\/#\/schema\/logo\/image\/\",\"url\":\"https:\/\/www.sigmatools.com.br\/site\/wp-content\/uploads\/2020\/01\/logo-sigma.png\",\"contentUrl\":\"https:\/\/www.sigmatools.com.br\/site\/wp-content\/uploads\/2020\/01\/logo-sigma.png\",\"width\":152,\"height\":150,\"caption\":\"SIGMA TOOLS\"},\"image\":{\"@id\":\"https:\/\/www.sigmatools.com.br\/site\/#\/schema\/logo\/image\/\"},\"sameAs\":[\"https:\/\/www.facebook.com\/sigmatools\"]}]}<\/script>\n<!-- \/ Yoast SEO plugin. -->","yoast_head_json":{"title":"SGT-KIT22 - JOGO DE SOQUETES ESTRIADOS 8 A 32MM 1\/2\" - Sigma Tools","robots":{"index":"index","follow":"follow","max-snippet":"max-snippet:-1","max-image-preview":"max-image-preview:large","max-video-preview":"max-video-preview:-1"},"canonical":"https:\/\/www.sigmatools.com.br\/site\/produto\/sgt-kit22-jogo-de-soquetes-estriados-8-a-32mm-1-2\/","og_locale":"pt_BR","og_type":"article","og_title":"SGT-KIT22 - JOGO DE SOQUETES ESTRIADOS 8 A 32MM 1\/2\" - Sigma Tools","og_description":"C\u00f3digo do produto: 0699940043  C\u00f3digo de barras: 7908276680182  &nbsp;  &nbsp;  Composi\u00e7\u00e3o  1 Cabo T - 10\u201d| 1 Extens\u00e3o de 5\u201d | 1 Extens\u00e3o de 10\u201d. 18 Soquetes de 1\/2\u201d: 8mm, 9mm, 10mm, 11mm, 12mm, 13mm, 14mm, 15mm, 16mm, 17mm, 18mm, 19mm, 21mm, 22mm, 24mm, 27mm, 30mm, 32mm. 1 Chave Catraca de 1\/2\u201d.  &nbsp;  Especifica\u00e7\u00f5es T\u00e9cnicas \u2022 Peso aproximado: 3,36 kg \u2022 Dimens\u00f5es: 23 \u00d7 30 \u00d7 7,5 cm  &nbsp;  Vantagens \u2022 Perfil estriado com o dobro de posi\u00e7\u00f5es de encaixe; \u2022 Maior agilidade na remo\u00e7\u00e3o e fixa\u00e7\u00e3o de porcas e parafusos; \u2022 Acess\u00f3rios vers\u00e1teis que ampliam as aplica\u00e7\u00f5es; \u2022 Cabo antiderrapante que garante conforto e seguran\u00e7a; \u2022 Maleta resistente para organiza\u00e7\u00e3o e transporte.  &nbsp;  Caracter\u00edsticas \u2022 Conjunto com 22 pe\u00e7as, incluindo soquetes sextavados (8 a 32 mm) e estriados (10 a 17 mm); \u2022 Acompanha acess\u00f3rios essenciais: chave catraca revers\u00edvel 1\/2\u201d, extensores de 5\u201d e 10\u201d, soquetes de vela (16 e 21 mm), adaptador e soquete articulado; \u2022 Fabricado em a\u00e7o cromo-van\u00e1dio de alta resist\u00eancia e durabilidade; \u2022 Perfil estriado (12 pontos) que oferece maior n\u00famero de \u00e2ngulos de trabalho; \u2022 Catraca com cabo emborrachado ergon\u00f4mico para conforto e seguran\u00e7a no uso prolongado; \u2022 Maleta pl\u00e1stica inovadora e ultra resistente para transporte e organiza\u00e7\u00e3o.  &nbsp;  Aplica\u00e7\u00e3o Ideal para manuten\u00e7\u00e3o automotiva, reparos mec\u00e2nicos e servi\u00e7os gerais com precis\u00e3o e praticidade.  &nbsp;  &nbsp;","og_url":"https:\/\/www.sigmatools.com.br\/site\/produto\/sgt-kit22-jogo-de-soquetes-estriados-8-a-32mm-1-2\/","og_site_name":"Sigma Tools","article_publisher":"https:\/\/www.facebook.com\/sigmatools","article_modified_time":"2025-09-16T19:56:28+00:00","og_image":[{"width":1000,"height":1000,"url":"https:\/\/www.sigmatools.com.br\/site\/wp-content\/uploads\/2025\/09\/1-3.jpg","type":"image\/jpeg"}],"twitter_card":"summary_large_image","twitter_misc":{"Est. tempo de leitura":"1 minuto"},"schema":{"@context":"https:\/\/schema.org","@graph":[{"@type":"WebPage","@id":"https:\/\/www.sigmatools.com.br\/site\/produto\/sgt-kit22-jogo-de-soquetes-estriados-8-a-32mm-1-2\/","url":"https:\/\/www.sigmatools.com.br\/site\/produto\/sgt-kit22-jogo-de-soquetes-estriados-8-a-32mm-1-2\/","name":"SGT-KIT22 - JOGO DE SOQUETES ESTRIADOS 8 A 32MM 1\/2\" - Sigma Tools","isPartOf":{"@id":"https:\/\/www.sigmatools.com.br\/site\/#website"},"primaryImageOfPage":{"@id":"https:\/\/www.sigmatools.com.br\/site\/produto\/sgt-kit22-jogo-de-soquetes-estriados-8-a-32mm-1-2\/#primaryimage"},"image":{"@id":"https:\/\/www.sigmatools.com.br\/site\/produto\/sgt-kit22-jogo-de-soquetes-estriados-8-a-32mm-1-2\/#primaryimage"},"thumbnailUrl":"https:\/\/www.sigmatools.com.br\/site\/wp-content\/uploads\/2025\/09\/1-3.jpg","datePublished":"2025-09-16T19:26:46+00:00","dateModified":"2025-09-16T19:56:28+00:00","breadcrumb":{"@id":"https:\/\/www.sigmatools.com.br\/site\/produto\/sgt-kit22-jogo-de-soquetes-estriados-8-a-32mm-1-2\/#breadcrumb"},"inLanguage":"pt-BR","potentialAction":[{"@type":"ReadAction","target":["https:\/\/www.sigmatools.com.br\/site\/produto\/sgt-kit22-jogo-de-soquetes-estriados-8-a-32mm-1-2\/"]}]},{"@type":"ImageObject","inLanguage":"pt-BR","@id":"https:\/\/www.sigmatools.com.br\/site\/produto\/sgt-kit22-jogo-de-soquetes-estriados-8-a-32mm-1-2\/#primaryimage","url":"https:\/\/www.sigmatools.com.br\/site\/wp-content\/uploads\/2025\/09\/1-3.jpg","contentUrl":"https:\/\/www.sigmatools.com.br\/site\/wp-content\/uploads\/2025\/09\/1-3.jpg","width":1000,"height":1000},{"@type":"BreadcrumbList","@id":"https:\/\/www.sigmatools.com.br\/site\/produto\/sgt-kit22-jogo-de-soquetes-estriados-8-a-32mm-1-2\/#breadcrumb","itemListElement":[{"@type":"ListItem","position":1,"name":"In\u00edcio","item":"https:\/\/www.sigmatools.com.br\/site\/"},{"@type":"ListItem","position":2,"name":"SGT-KIT22 &#8211; JOGO DE SOQUETES ESTRIADOS 8 A 32MM 1\/2&#8243;"}]},{"@type":"WebSite","@id":"https:\/\/www.sigmatools.com.br\/site\/#website","url":"https:\/\/www.sigmatools.com.br\/site\/","name":"Sigma Tools","description":"Equipamentos para Est\u00e9tica Automotiva e Oficina Mec\u00e2nica - Sigma Tools","publisher":{"@id":"https:\/\/www.sigmatools.com.br\/site\/#organization"},"potentialAction":[{"@type":"SearchAction","target":{"@type":"EntryPoint","urlTemplate":"https:\/\/www.sigmatools.com.br\/site\/?s={search_term_string}"},"query-input":{"@type":"PropertyValueSpecification","valueRequired":true,"valueName":"search_term_string"}}],"inLanguage":"pt-BR"},{"@type":"Organization","@id":"https:\/\/www.sigmatools.com.br\/site\/#organization","name":"SIGMA TOOLS","url":"https:\/\/www.sigmatools.com.br\/site\/","logo":{"@type":"ImageObject","inLanguage":"pt-BR","@id":"https:\/\/www.sigmatools.com.br\/site\/#\/schema\/logo\/image\/","url":"https:\/\/www.sigmatools.com.br\/site\/wp-content\/uploads\/2020\/01\/logo-sigma.png","contentUrl":"https:\/\/www.sigmatools.com.br\/site\/wp-content\/uploads\/2020\/01\/logo-sigma.png","width":152,"height":150,"caption":"SIGMA TOOLS"},"image":{"@id":"https:\/\/www.sigmatools.com.br\/site\/#\/schema\/logo\/image\/"},"sameAs":["https:\/\/www.facebook.com\/sigmatools"]}]}},"_links":{"self":[{"href":"https:\/\/www.sigmatools.com.br\/site\/wp-json\/wp\/v2\/product\/11696","targetHints":{"allow":["GET"]}}],"collection":[{"href":"https:\/\/www.sigmatools.com.br\/site\/wp-json\/wp\/v2\/product"}],"about":[{"href":"https:\/\/www.sigmatools.com.br\/site\/wp-json\/wp\/v2\/types\/product"}],"replies":[{"embeddable":true,"href":"https:\/\/www.sigmatools.com.br\/site\/wp-json\/wp\/v2\/comments?post=11696"}],"wp:featuredmedia":[{"embeddable":true,"href":"https:\/\/www.sigmatools.com.br\/site\/wp-json\/wp\/v2\/media\/11697"}],"wp:attachment":[{"href":"https:\/\/www.sigmatools.com.br\/site\/wp-json\/wp\/v2\/media?parent=11696"}],"wp:term":[{"taxonomy":"product_brand","embeddable":true,"href":"https:\/\/www.sigmatools.com.br\/site\/wp-json\/wp\/v2\/product_brand?post=11696"},{"taxonomy":"product_cat","embeddable":true,"href":"https:\/\/www.sigmatools.com.br\/site\/wp-json\/wp\/v2\/product_cat?post=11696"},{"taxonomy":"product_tag","embeddable":true,"href":"https:\/\/www.sigmatools.com.br\/site\/wp-json\/wp\/v2\/product_tag?post=11696"}],"curies":[{"name":"wp","href":"https:\/\/api.w.org\/{rel}","templated":true}]}}