{"id":11886,"date":"2025-10-06T14:50:02","date_gmt":"2025-10-06T17:50:02","guid":{"rendered":"https:\/\/www.sigmatools.com.br\/site\/?post_type=product&#038;p=11886"},"modified":"2025-10-09T11:56:32","modified_gmt":"2025-10-09T14:56:32","slug":"sgt-5109-mini-politriz-smart-change-rotativa-roto-orbital-8mm-12mm","status":"publish","type":"product","link":"https:\/\/www.sigmatools.com.br\/site\/produto\/sgt-5109-mini-politriz-smart-change-rotativa-roto-orbital-8mm-12mm\/","title":{"rendered":"SGT-5109 &#8211; MINI POLITRIZ SMART CHANGE &#8211; ROTATIVA\/ROTO ORBITAL (8MM\/12MM)"},"content":{"rendered":"","protected":false},"excerpt":{"rendered":"<p><strong>C\u00f3digo do produto: 127V<\/strong> \u2013 0702510901| <strong>220V<\/strong> \u2013 0702510900<\/p>\n<p><strong>C\u00f3digo de barras: 127V<\/strong> \u2013 7908276673009| <strong>220V<\/strong> \u2013 790827667299<\/p>\n<iframe title=\"YouTube video player\" src=\"https:\/\/www.youtube.com\/embed\/LdR5nDAp6z8?si=vuz1wUnq7cfyK3x6\" width=\"315\" height=\"560\" frameborder=\"0\" allowfullscreen=\"allowfullscreen\"><span data-mce-type=\"bookmark\" style=\"display: inline-block; width: 0px; overflow: hidden; line-height: 0;\" class=\"mce_SELRES_start\">\ufeff<\/span><\/iframe>\n<p>&nbsp;<\/p>\n<p>&nbsp;<\/p>\n<p><strong>Caracter\u00edsticas<\/strong><br \/>\n\u2022 780W de pot\u00eancia &#8211; N\u00e3o \u201camarra\u201d durante o uso;<br \/>\n\u2022 Regulagem de 6 velocidades;<br \/>\n\u2022 Funciona como rotativa, orbital 8MM e 12MM;<br \/>\n\u2022 Voltagem de 127V ou 220V;<br \/>\n\u2022 Design compacto e ergon\u00f4mico;<br \/>\n\u2022 Leve e f\u00e1cil de manusear.<\/p>\n<p>&nbsp;<\/p>\n<p><strong>Vantagens<\/strong><br \/>\n\u2022 Acabamento uniforme sem hologramas, garantido pelo movimento roto-orbital.<br \/>\n\u2022 Velocidades ajust\u00e1veis para m\u00faltiplas tarefas: baixa para polimento fino, m\u00e9dia para limpeza e alta para remo\u00e7\u00e3o de riscos e oxida\u00e7\u00e3o.<br \/>\n\u2022 Conforto no uso prolongado com empunhadura ergon\u00f4mica que reduz fadiga.<br \/>\n\u2022 Protege superf\u00edcies delicadas, garantindo polimento uniforme e seguro.<\/p>\n<p>&nbsp;<\/p>\n<p><strong>Aplica\u00e7\u00e3o<\/strong><br \/>\nIdeal para polimento de pequenas \u00e1reas internas e externas de ve\u00edculos como para-choques, retrovisores, superf\u00edcies em black piano.<\/p>\n<p>&nbsp;<\/p>\n<p>&nbsp;<\/p>\n[button size=\"small\" icon=\"\" target=\"_blank\" text_align=\"left\" text=\"Informativo\" link=\"http:\/\/www.sigmatools.com.br\/site\/arquivos\/informativos\/SGT-5109%20-%20MINI%20POLITRIZ%20SMART%20CHANGE%20-%20INFO.pdf\" color=\"#ffffff\" hover_color=\"#ffffff\" background_color=\"#353535\" hover_background_color=\"#dd3333\" border_color=\"#353535\" hover_border_color=\"#dd3333\"]\n[button size=\"small\" icon=\"\" target=\"_blank\" text_align=\"left\" text=\"Vista Explodida\" link=\"https:\/\/www.sigmatools.com.br\/site\/arquivos\/vista-explodida\/SGT-5109%20-%20MINI%20POLITRIZ%20SMART%20CHANGE%20-%20VE.pdf\" color=\"#ffffff\" hover_color=\"#ffffff\" background_color=\"#353535\" hover_background_color=\"#dd3333\" border_color=\"#353535\" hover_border_color=\"#dd3333\"]","protected":false},"featured_media":11900,"comment_status":"open","ping_status":"closed","template":"","meta":{"_jet_sm_ready_style":"","_jet_sm_style":"","_jet_sm_controls_values":"","_jet_sm_fonts_collection":"","_jet_sm_fonts_links":""},"product_brand":[],"product_cat":[218,60,91,15],"product_tag":[],"class_list":{"0":"post-11886","1":"product","2":"type-product","3":"status-publish","4":"has-post-thumbnail","6":"product_cat-destaque","7":"product_cat-catalogo-geral","8":"product_cat-estetica-automotiva","9":"product_cat-sigma-tools","11":"first","12":"instock","13":"shipping-taxable","14":"product-type-simple"},"yoast_head":"<!-- This site is optimized with the Yoast SEO plugin v27.1.1 - https:\/\/yoast.com\/product\/yoast-seo-wordpress\/ -->\n<title>SGT-5109 - MINI POLITRIZ SMART CHANGE - ROTATIVA\/ROTO ORBITAL (8MM\/12MM) - Sigma Tools<\/title>\n<meta name=\"robots\" content=\"index, follow, max-snippet:-1, max-image-preview:large, max-video-preview:-1\" \/>\n<link rel=\"canonical\" href=\"https:\/\/www.sigmatools.com.br\/site\/produto\/sgt-5109-mini-politriz-smart-change-rotativa-roto-orbital-8mm-12mm\/\" \/>\n<meta property=\"og:locale\" content=\"pt_BR\" \/>\n<meta property=\"og:type\" content=\"article\" \/>\n<meta property=\"og:title\" content=\"SGT-5109 - MINI POLITRIZ SMART CHANGE - ROTATIVA\/ROTO ORBITAL (8MM\/12MM) - Sigma Tools\" \/>\n<meta property=\"og:description\" content=\"C\u00f3digo do produto: 127V \u2013 0702510901| 220V \u2013 0702510900  C\u00f3digo de barras: 127V \u2013 7908276673009| 220V \u2013 790827667299  \ufeff  &nbsp;  &nbsp;  Caracter\u00edsticas \u2022 780W de pot\u00eancia - N\u00e3o \u201camarra\u201d durante o uso; \u2022 Regulagem de 6 velocidades; \u2022 Funciona como rotativa, orbital 8MM e 12MM; \u2022 Voltagem de 127V ou 220V; \u2022 Design compacto e ergon\u00f4mico; \u2022 Leve e f\u00e1cil de manusear.  &nbsp;  Vantagens \u2022 Acabamento uniforme sem hologramas, garantido pelo movimento roto-orbital. \u2022 Velocidades ajust\u00e1veis para m\u00faltiplas tarefas: baixa para polimento fino, m\u00e9dia para limpeza e alta para remo\u00e7\u00e3o de riscos e oxida\u00e7\u00e3o. \u2022 Conforto no uso prolongado com empunhadura ergon\u00f4mica que reduz fadiga. \u2022 Protege superf\u00edcies delicadas, garantindo polimento uniforme e seguro.  &nbsp;  Aplica\u00e7\u00e3o Ideal para polimento de pequenas \u00e1reas internas e externas de ve\u00edculos como para-choques, retrovisores, superf\u00edcies em black piano.  &nbsp;  &nbsp;\" \/>\n<meta property=\"og:url\" content=\"https:\/\/www.sigmatools.com.br\/site\/produto\/sgt-5109-mini-politriz-smart-change-rotativa-roto-orbital-8mm-12mm\/\" \/>\n<meta property=\"og:site_name\" content=\"Sigma Tools\" \/>\n<meta property=\"article:publisher\" content=\"https:\/\/www.facebook.com\/sigmatools\" \/>\n<meta property=\"article:modified_time\" content=\"2025-10-09T14:56:32+00:00\" \/>\n<meta property=\"og:image\" content=\"https:\/\/www.sigmatools.com.br\/site\/wp-content\/uploads\/2025\/10\/14.png\" \/>\n\t<meta property=\"og:image:width\" content=\"1000\" \/>\n\t<meta property=\"og:image:height\" content=\"1000\" \/>\n\t<meta property=\"og:image:type\" content=\"image\/png\" \/>\n<meta name=\"twitter:card\" content=\"summary_large_image\" \/>\n<meta name=\"twitter:label1\" content=\"Est. tempo de leitura\" \/>\n\t<meta name=\"twitter:data1\" content=\"1 minuto\" \/>\n<script type=\"application\/ld+json\" class=\"yoast-schema-graph\">{\"@context\":\"https:\/\/schema.org\",\"@graph\":[{\"@type\":\"WebPage\",\"@id\":\"https:\/\/www.sigmatools.com.br\/site\/produto\/sgt-5109-mini-politriz-smart-change-rotativa-roto-orbital-8mm-12mm\/\",\"url\":\"https:\/\/www.sigmatools.com.br\/site\/produto\/sgt-5109-mini-politriz-smart-change-rotativa-roto-orbital-8mm-12mm\/\",\"name\":\"SGT-5109 - MINI POLITRIZ SMART CHANGE - ROTATIVA\/ROTO ORBITAL (8MM\/12MM) - Sigma Tools\",\"isPartOf\":{\"@id\":\"https:\/\/www.sigmatools.com.br\/site\/#website\"},\"primaryImageOfPage\":{\"@id\":\"https:\/\/www.sigmatools.com.br\/site\/produto\/sgt-5109-mini-politriz-smart-change-rotativa-roto-orbital-8mm-12mm\/#primaryimage\"},\"image\":{\"@id\":\"https:\/\/www.sigmatools.com.br\/site\/produto\/sgt-5109-mini-politriz-smart-change-rotativa-roto-orbital-8mm-12mm\/#primaryimage\"},\"thumbnailUrl\":\"https:\/\/www.sigmatools.com.br\/site\/wp-content\/uploads\/2025\/10\/14.png\",\"datePublished\":\"2025-10-06T17:50:02+00:00\",\"dateModified\":\"2025-10-09T14:56:32+00:00\",\"breadcrumb\":{\"@id\":\"https:\/\/www.sigmatools.com.br\/site\/produto\/sgt-5109-mini-politriz-smart-change-rotativa-roto-orbital-8mm-12mm\/#breadcrumb\"},\"inLanguage\":\"pt-BR\",\"potentialAction\":[{\"@type\":\"ReadAction\",\"target\":[\"https:\/\/www.sigmatools.com.br\/site\/produto\/sgt-5109-mini-politriz-smart-change-rotativa-roto-orbital-8mm-12mm\/\"]}]},{\"@type\":\"ImageObject\",\"inLanguage\":\"pt-BR\",\"@id\":\"https:\/\/www.sigmatools.com.br\/site\/produto\/sgt-5109-mini-politriz-smart-change-rotativa-roto-orbital-8mm-12mm\/#primaryimage\",\"url\":\"https:\/\/www.sigmatools.com.br\/site\/wp-content\/uploads\/2025\/10\/14.png\",\"contentUrl\":\"https:\/\/www.sigmatools.com.br\/site\/wp-content\/uploads\/2025\/10\/14.png\",\"width\":1000,\"height\":1000},{\"@type\":\"BreadcrumbList\",\"@id\":\"https:\/\/www.sigmatools.com.br\/site\/produto\/sgt-5109-mini-politriz-smart-change-rotativa-roto-orbital-8mm-12mm\/#breadcrumb\",\"itemListElement\":[{\"@type\":\"ListItem\",\"position\":1,\"name\":\"In\u00edcio\",\"item\":\"https:\/\/www.sigmatools.com.br\/site\/\"},{\"@type\":\"ListItem\",\"position\":2,\"name\":\"SGT-5109 &#8211; MINI POLITRIZ SMART CHANGE &#8211; ROTATIVA\/ROTO ORBITAL (8MM\/12MM)\"}]},{\"@type\":\"WebSite\",\"@id\":\"https:\/\/www.sigmatools.com.br\/site\/#website\",\"url\":\"https:\/\/www.sigmatools.com.br\/site\/\",\"name\":\"Sigma Tools\",\"description\":\"Equipamentos para Est\u00e9tica Automotiva e Oficina Mec\u00e2nica - Sigma Tools\",\"publisher\":{\"@id\":\"https:\/\/www.sigmatools.com.br\/site\/#organization\"},\"potentialAction\":[{\"@type\":\"SearchAction\",\"target\":{\"@type\":\"EntryPoint\",\"urlTemplate\":\"https:\/\/www.sigmatools.com.br\/site\/?s={search_term_string}\"},\"query-input\":{\"@type\":\"PropertyValueSpecification\",\"valueRequired\":true,\"valueName\":\"search_term_string\"}}],\"inLanguage\":\"pt-BR\"},{\"@type\":\"Organization\",\"@id\":\"https:\/\/www.sigmatools.com.br\/site\/#organization\",\"name\":\"SIGMA TOOLS\",\"url\":\"https:\/\/www.sigmatools.com.br\/site\/\",\"logo\":{\"@type\":\"ImageObject\",\"inLanguage\":\"pt-BR\",\"@id\":\"https:\/\/www.sigmatools.com.br\/site\/#\/schema\/logo\/image\/\",\"url\":\"https:\/\/www.sigmatools.com.br\/site\/wp-content\/uploads\/2020\/01\/logo-sigma.png\",\"contentUrl\":\"https:\/\/www.sigmatools.com.br\/site\/wp-content\/uploads\/2020\/01\/logo-sigma.png\",\"width\":152,\"height\":150,\"caption\":\"SIGMA TOOLS\"},\"image\":{\"@id\":\"https:\/\/www.sigmatools.com.br\/site\/#\/schema\/logo\/image\/\"},\"sameAs\":[\"https:\/\/www.facebook.com\/sigmatools\"]}]}<\/script>\n<!-- \/ Yoast SEO plugin. -->","yoast_head_json":{"title":"SGT-5109 - MINI POLITRIZ SMART CHANGE - ROTATIVA\/ROTO ORBITAL (8MM\/12MM) - Sigma Tools","robots":{"index":"index","follow":"follow","max-snippet":"max-snippet:-1","max-image-preview":"max-image-preview:large","max-video-preview":"max-video-preview:-1"},"canonical":"https:\/\/www.sigmatools.com.br\/site\/produto\/sgt-5109-mini-politriz-smart-change-rotativa-roto-orbital-8mm-12mm\/","og_locale":"pt_BR","og_type":"article","og_title":"SGT-5109 - MINI POLITRIZ SMART CHANGE - ROTATIVA\/ROTO ORBITAL (8MM\/12MM) - Sigma Tools","og_description":"C\u00f3digo do produto: 127V \u2013 0702510901| 220V \u2013 0702510900  C\u00f3digo de barras: 127V \u2013 7908276673009| 220V \u2013 790827667299  \ufeff  &nbsp;  &nbsp;  Caracter\u00edsticas \u2022 780W de pot\u00eancia - N\u00e3o \u201camarra\u201d durante o uso; \u2022 Regulagem de 6 velocidades; \u2022 Funciona como rotativa, orbital 8MM e 12MM; \u2022 Voltagem de 127V ou 220V; \u2022 Design compacto e ergon\u00f4mico; \u2022 Leve e f\u00e1cil de manusear.  &nbsp;  Vantagens \u2022 Acabamento uniforme sem hologramas, garantido pelo movimento roto-orbital. \u2022 Velocidades ajust\u00e1veis para m\u00faltiplas tarefas: baixa para polimento fino, m\u00e9dia para limpeza e alta para remo\u00e7\u00e3o de riscos e oxida\u00e7\u00e3o. \u2022 Conforto no uso prolongado com empunhadura ergon\u00f4mica que reduz fadiga. \u2022 Protege superf\u00edcies delicadas, garantindo polimento uniforme e seguro.  &nbsp;  Aplica\u00e7\u00e3o Ideal para polimento de pequenas \u00e1reas internas e externas de ve\u00edculos como para-choques, retrovisores, superf\u00edcies em black piano.  &nbsp;  &nbsp;","og_url":"https:\/\/www.sigmatools.com.br\/site\/produto\/sgt-5109-mini-politriz-smart-change-rotativa-roto-orbital-8mm-12mm\/","og_site_name":"Sigma Tools","article_publisher":"https:\/\/www.facebook.com\/sigmatools","article_modified_time":"2025-10-09T14:56:32+00:00","og_image":[{"width":1000,"height":1000,"url":"https:\/\/www.sigmatools.com.br\/site\/wp-content\/uploads\/2025\/10\/14.png","type":"image\/png"}],"twitter_card":"summary_large_image","twitter_misc":{"Est. tempo de leitura":"1 minuto"},"schema":{"@context":"https:\/\/schema.org","@graph":[{"@type":"WebPage","@id":"https:\/\/www.sigmatools.com.br\/site\/produto\/sgt-5109-mini-politriz-smart-change-rotativa-roto-orbital-8mm-12mm\/","url":"https:\/\/www.sigmatools.com.br\/site\/produto\/sgt-5109-mini-politriz-smart-change-rotativa-roto-orbital-8mm-12mm\/","name":"SGT-5109 - MINI POLITRIZ SMART CHANGE - ROTATIVA\/ROTO ORBITAL (8MM\/12MM) - Sigma Tools","isPartOf":{"@id":"https:\/\/www.sigmatools.com.br\/site\/#website"},"primaryImageOfPage":{"@id":"https:\/\/www.sigmatools.com.br\/site\/produto\/sgt-5109-mini-politriz-smart-change-rotativa-roto-orbital-8mm-12mm\/#primaryimage"},"image":{"@id":"https:\/\/www.sigmatools.com.br\/site\/produto\/sgt-5109-mini-politriz-smart-change-rotativa-roto-orbital-8mm-12mm\/#primaryimage"},"thumbnailUrl":"https:\/\/www.sigmatools.com.br\/site\/wp-content\/uploads\/2025\/10\/14.png","datePublished":"2025-10-06T17:50:02+00:00","dateModified":"2025-10-09T14:56:32+00:00","breadcrumb":{"@id":"https:\/\/www.sigmatools.com.br\/site\/produto\/sgt-5109-mini-politriz-smart-change-rotativa-roto-orbital-8mm-12mm\/#breadcrumb"},"inLanguage":"pt-BR","potentialAction":[{"@type":"ReadAction","target":["https:\/\/www.sigmatools.com.br\/site\/produto\/sgt-5109-mini-politriz-smart-change-rotativa-roto-orbital-8mm-12mm\/"]}]},{"@type":"ImageObject","inLanguage":"pt-BR","@id":"https:\/\/www.sigmatools.com.br\/site\/produto\/sgt-5109-mini-politriz-smart-change-rotativa-roto-orbital-8mm-12mm\/#primaryimage","url":"https:\/\/www.sigmatools.com.br\/site\/wp-content\/uploads\/2025\/10\/14.png","contentUrl":"https:\/\/www.sigmatools.com.br\/site\/wp-content\/uploads\/2025\/10\/14.png","width":1000,"height":1000},{"@type":"BreadcrumbList","@id":"https:\/\/www.sigmatools.com.br\/site\/produto\/sgt-5109-mini-politriz-smart-change-rotativa-roto-orbital-8mm-12mm\/#breadcrumb","itemListElement":[{"@type":"ListItem","position":1,"name":"In\u00edcio","item":"https:\/\/www.sigmatools.com.br\/site\/"},{"@type":"ListItem","position":2,"name":"SGT-5109 &#8211; MINI POLITRIZ SMART CHANGE &#8211; ROTATIVA\/ROTO ORBITAL (8MM\/12MM)"}]},{"@type":"WebSite","@id":"https:\/\/www.sigmatools.com.br\/site\/#website","url":"https:\/\/www.sigmatools.com.br\/site\/","name":"Sigma Tools","description":"Equipamentos para Est\u00e9tica Automotiva e Oficina Mec\u00e2nica - Sigma Tools","publisher":{"@id":"https:\/\/www.sigmatools.com.br\/site\/#organization"},"potentialAction":[{"@type":"SearchAction","target":{"@type":"EntryPoint","urlTemplate":"https:\/\/www.sigmatools.com.br\/site\/?s={search_term_string}"},"query-input":{"@type":"PropertyValueSpecification","valueRequired":true,"valueName":"search_term_string"}}],"inLanguage":"pt-BR"},{"@type":"Organization","@id":"https:\/\/www.sigmatools.com.br\/site\/#organization","name":"SIGMA TOOLS","url":"https:\/\/www.sigmatools.com.br\/site\/","logo":{"@type":"ImageObject","inLanguage":"pt-BR","@id":"https:\/\/www.sigmatools.com.br\/site\/#\/schema\/logo\/image\/","url":"https:\/\/www.sigmatools.com.br\/site\/wp-content\/uploads\/2020\/01\/logo-sigma.png","contentUrl":"https:\/\/www.sigmatools.com.br\/site\/wp-content\/uploads\/2020\/01\/logo-sigma.png","width":152,"height":150,"caption":"SIGMA TOOLS"},"image":{"@id":"https:\/\/www.sigmatools.com.br\/site\/#\/schema\/logo\/image\/"},"sameAs":["https:\/\/www.facebook.com\/sigmatools"]}]}},"_links":{"self":[{"href":"https:\/\/www.sigmatools.com.br\/site\/wp-json\/wp\/v2\/product\/11886","targetHints":{"allow":["GET"]}}],"collection":[{"href":"https:\/\/www.sigmatools.com.br\/site\/wp-json\/wp\/v2\/product"}],"about":[{"href":"https:\/\/www.sigmatools.com.br\/site\/wp-json\/wp\/v2\/types\/product"}],"replies":[{"embeddable":true,"href":"https:\/\/www.sigmatools.com.br\/site\/wp-json\/wp\/v2\/comments?post=11886"}],"wp:featuredmedia":[{"embeddable":true,"href":"https:\/\/www.sigmatools.com.br\/site\/wp-json\/wp\/v2\/media\/11900"}],"wp:attachment":[{"href":"https:\/\/www.sigmatools.com.br\/site\/wp-json\/wp\/v2\/media?parent=11886"}],"wp:term":[{"taxonomy":"product_brand","embeddable":true,"href":"https:\/\/www.sigmatools.com.br\/site\/wp-json\/wp\/v2\/product_brand?post=11886"},{"taxonomy":"product_cat","embeddable":true,"href":"https:\/\/www.sigmatools.com.br\/site\/wp-json\/wp\/v2\/product_cat?post=11886"},{"taxonomy":"product_tag","embeddable":true,"href":"https:\/\/www.sigmatools.com.br\/site\/wp-json\/wp\/v2\/product_tag?post=11886"}],"curies":[{"name":"wp","href":"https:\/\/api.w.org\/{rel}","templated":true}]}}