{"id":1596,"date":"2021-02-15T16:44:13","date_gmt":"2021-02-15T19:44:13","guid":{"rendered":"https:\/\/www.sigmatools.com.br\/site\/?post_type=product&#038;p=1596"},"modified":"2025-10-14T15:38:21","modified_gmt":"2025-10-14T18:38:21","slug":"sgt-6002-maquina-de-pintura-airless-900w","status":"publish","type":"product","link":"https:\/\/www.sigmatools.com.br\/site\/produto\/sgt-6002-maquina-de-pintura-airless-900w\/","title":{"rendered":"SGT-6002 &#8211; M\u00c1QUINA DE PINTURA AIRLESS 900W"},"content":{"rendered":"<p>[vc_row css_animation=&#8221;&#8221; row_type=&#8221;row&#8221; use_row_as_full_screen_section=&#8221;no&#8221; type=&#8221;full_width&#8221; angled_section=&#8221;no&#8221; text_align=&#8221;left&#8221; background_image_as_pattern=&#8221;without_pattern&#8221;][vc_column][\/vc_column][\/vc_row]<\/p>","protected":false},"excerpt":{"rendered":"<p><strong>C\u00f3digo do produto:<\/strong> 0702600200<br \/>\n<strong>C\u00f3digo de barras:<\/strong> 7908276603570<\/p>\n<p>&nbsp;<\/p>\n<p>&nbsp;<\/p>\n<iframe title=\"YouTube video player\" src=\"https:\/\/www.youtube.com\/embed\/i2W1YAhUMsQ?si=MuQv1489nd5W67yH\" width=\"560\" height=\"315\" frameborder=\"0\" allowfullscreen=\"allowfullscreen\"><\/iframe>\n<iframe title=\"YouTube video player\" src=\"https:\/\/www.youtube.com\/embed\/-JkpuZ_-KAU?si=WvpDB5rizA7z6Y77\" width=\"315\" height=\"560\" frameborder=\"0\" allowfullscreen=\"allowfullscreen\"><span data-mce-type=\"bookmark\" style=\"display: inline-block; width: 0px; overflow: hidden; line-height: 0;\" class=\"mce_SELRES_start\">\ufeff<\/span><\/iframe>\n<p><strong>Caracter\u00edsticas<\/strong><br \/>\n\u2022 \u00d3tima pot\u00eancia e vaz\u00e3o;<br \/>\n\u2022 Pist\u00e3o em inox, engrenagem usinada e dentes<br \/>\nhelicoidais para maior durabilidade;<br \/>\n\u2022 Baixo ru\u00eddo.<\/p>\n<p>&nbsp;<\/p>\n<p><strong>Aplica\u00e7\u00f5es<\/strong><br \/>\nEquipamento Airless Profissional.<br \/>\nRecomendada idealmente para aplica\u00e7\u00f5es de tintas<br \/>\nlatex, esmalte e verniz \u00e0 base de \u00e1gua.<br \/>\nUtilize sempre tintas de boa qualidade e na dilui\u00e7\u00e3o<br \/>\nrecomendada pelo fabricante.<\/p>\n<p>&nbsp;<\/p>\n<p><strong>Tens\u00e3o \/ Voltagem:<\/strong>\u00a0 220V \/ 50-60Hz<br \/>\n<strong>Pot\u00eancia do Motor:<\/strong>\u00a0 900W\/1,2HP<br \/>\n<strong>Vaz\u00e3o M\u00e1xima da Pistola de Pintura:<\/strong>\u00a0 2,2 litros\/min<br \/>\n<strong>Bico Padr\u00e3o:<\/strong> 517 &#8211; Leque Abertura de 25 a 30cm &#8211; Espessura 0,43 (0,017\u201d)<br \/>\n<strong>Outros Bicos Aplic\u00e1veis:\u00a0<\/strong> 515 \/ 519 \/ 521<br \/>\n<strong>Comprimento da Mangueira:\u00a0<\/strong> 15 metros<br \/>\n<strong>Press\u00e3o M\u00e1xima de Sa\u00edda:<\/strong> 3000 PSI<br \/>\n<strong>Peso:<\/strong> 16,5kg<\/p>\n<p>&nbsp;<\/p>\n[button size=\"small\" icon=\"\" target=\"_blank\" text_align=\"left\" text=\"Informativo\" link=\"https:\/\/www.sigmatools.com.br\/site\/arquivos\/informativos\/SGT-6002%20-%20MAQUINA%20DE%20PINTURA%20AIRLESS%20-%20900W%20-%202-2%20l-minv2%20info.pdf\" color=\"#ffffff\" hover_color=\"#ffffff\" background_color=\"#353535\" hover_background_color=\"#dd3333\" border_color=\"#353535\" hover_border_color=\"#dd3333\"]\n[button size=\"small\" icon=\"\" target=\"_blank\" text_align=\"left\" text=\"Vista Explodida\" link=\"https:\/\/www.sigmatools.com.br\/site\/arquivos\/vista-explodida\/SGT-6002%20-%20MAQUINA%20DE%20PINTURA%20AIRLESS%20900W%20-%20VE.pdf\" color=\"#ffffff\" hover_color=\"#ffffff\" background_color=\"#353535\" hover_background_color=\"#dd3333\" border_color=\"#353535\" hover_border_color=\"#dd3333\"]","protected":false},"featured_media":1597,"comment_status":"open","ping_status":"closed","template":"","meta":{"_jet_sm_ready_style":"","_jet_sm_style":"","_jet_sm_controls_values":"","_jet_sm_fonts_collection":"","_jet_sm_fonts_links":""},"product_brand":[],"product_cat":[15],"product_tag":[],"class_list":{"0":"post-1596","1":"product","2":"type-product","3":"status-publish","4":"has-post-thumbnail","6":"product_cat-sigma-tools","8":"first","9":"instock","10":"featured","11":"shipping-taxable","12":"product-type-simple"},"yoast_head":"<!-- This site is optimized with the Yoast SEO plugin v27.1.1 - https:\/\/yoast.com\/product\/yoast-seo-wordpress\/ -->\n<title>SGT-6002 - M\u00c1QUINA DE PINTURA AIRLESS 900W - Sigma Tools<\/title>\n<meta name=\"robots\" content=\"index, follow, max-snippet:-1, max-image-preview:large, max-video-preview:-1\" \/>\n<link rel=\"canonical\" href=\"https:\/\/www.sigmatools.com.br\/site\/produto\/sgt-6002-maquina-de-pintura-airless-900w\/\" \/>\n<meta property=\"og:locale\" content=\"pt_BR\" \/>\n<meta property=\"og:type\" content=\"article\" \/>\n<meta property=\"og:title\" content=\"SGT-6002 - M\u00c1QUINA DE PINTURA AIRLESS 900W - Sigma Tools\" \/>\n<meta property=\"og:description\" content=\"C\u00f3digo do produto: 0702600200 C\u00f3digo de barras: 7908276603570  &nbsp;  &nbsp;    \ufeff  Caracter\u00edsticas \u2022 \u00d3tima pot\u00eancia e vaz\u00e3o; \u2022 Pist\u00e3o em inox, engrenagem usinada e dentes helicoidais para maior durabilidade; \u2022 Baixo ru\u00eddo.  &nbsp;  Aplica\u00e7\u00f5es Equipamento Airless Profissional. Recomendada idealmente para aplica\u00e7\u00f5es de tintas latex, esmalte e verniz \u00e0 base de \u00e1gua. Utilize sempre tintas de boa qualidade e na dilui\u00e7\u00e3o recomendada pelo fabricante.  &nbsp;  Tens\u00e3o \/ Voltagem:\u00a0 220V \/ 50-60Hz Pot\u00eancia do Motor:\u00a0 900W\/1,2HP Vaz\u00e3o M\u00e1xima da Pistola de Pintura:\u00a0 2,2 litros\/min Bico Padr\u00e3o: 517 - Leque Abertura de 25 a 30cm - Espessura 0,43 (0,017\u201d) Outros Bicos Aplic\u00e1veis:\u00a0 515 \/ 519 \/ 521 Comprimento da Mangueira:\u00a0 15 metros Press\u00e3o M\u00e1xima de Sa\u00edda: 3000 PSI Peso: 16,5kg  &nbsp;\" \/>\n<meta property=\"og:url\" content=\"https:\/\/www.sigmatools.com.br\/site\/produto\/sgt-6002-maquina-de-pintura-airless-900w\/\" \/>\n<meta property=\"og:site_name\" content=\"Sigma Tools\" \/>\n<meta property=\"article:publisher\" content=\"https:\/\/www.facebook.com\/sigmatools\" \/>\n<meta property=\"article:modified_time\" content=\"2025-10-14T18:38:21+00:00\" \/>\n<meta property=\"og:image\" content=\"https:\/\/www.sigmatools.com.br\/site\/wp-content\/uploads\/2021\/02\/SGT-6002-1.png\" \/>\n\t<meta property=\"og:image:width\" content=\"2836\" \/>\n\t<meta property=\"og:image:height\" content=\"1800\" \/>\n\t<meta property=\"og:image:type\" content=\"image\/png\" \/>\n<meta name=\"twitter:card\" content=\"summary_large_image\" \/>\n<meta name=\"twitter:label1\" content=\"Est. tempo de leitura\" \/>\n\t<meta name=\"twitter:data1\" content=\"1 minuto\" \/>\n<script type=\"application\/ld+json\" class=\"yoast-schema-graph\">{\"@context\":\"https:\/\/schema.org\",\"@graph\":[{\"@type\":\"WebPage\",\"@id\":\"https:\/\/www.sigmatools.com.br\/site\/produto\/sgt-6002-maquina-de-pintura-airless-900w\/\",\"url\":\"https:\/\/www.sigmatools.com.br\/site\/produto\/sgt-6002-maquina-de-pintura-airless-900w\/\",\"name\":\"SGT-6002 - M\u00c1QUINA DE PINTURA AIRLESS 900W - Sigma Tools\",\"isPartOf\":{\"@id\":\"https:\/\/www.sigmatools.com.br\/site\/#website\"},\"primaryImageOfPage\":{\"@id\":\"https:\/\/www.sigmatools.com.br\/site\/produto\/sgt-6002-maquina-de-pintura-airless-900w\/#primaryimage\"},\"image\":{\"@id\":\"https:\/\/www.sigmatools.com.br\/site\/produto\/sgt-6002-maquina-de-pintura-airless-900w\/#primaryimage\"},\"thumbnailUrl\":\"https:\/\/www.sigmatools.com.br\/site\/wp-content\/uploads\/2021\/02\/SGT-6002-1.png\",\"datePublished\":\"2021-02-15T19:44:13+00:00\",\"dateModified\":\"2025-10-14T18:38:21+00:00\",\"breadcrumb\":{\"@id\":\"https:\/\/www.sigmatools.com.br\/site\/produto\/sgt-6002-maquina-de-pintura-airless-900w\/#breadcrumb\"},\"inLanguage\":\"pt-BR\",\"potentialAction\":[{\"@type\":\"ReadAction\",\"target\":[\"https:\/\/www.sigmatools.com.br\/site\/produto\/sgt-6002-maquina-de-pintura-airless-900w\/\"]}]},{\"@type\":\"ImageObject\",\"inLanguage\":\"pt-BR\",\"@id\":\"https:\/\/www.sigmatools.com.br\/site\/produto\/sgt-6002-maquina-de-pintura-airless-900w\/#primaryimage\",\"url\":\"https:\/\/www.sigmatools.com.br\/site\/wp-content\/uploads\/2021\/02\/SGT-6002-1.png\",\"contentUrl\":\"https:\/\/www.sigmatools.com.br\/site\/wp-content\/uploads\/2021\/02\/SGT-6002-1.png\",\"width\":2836,\"height\":1800},{\"@type\":\"BreadcrumbList\",\"@id\":\"https:\/\/www.sigmatools.com.br\/site\/produto\/sgt-6002-maquina-de-pintura-airless-900w\/#breadcrumb\",\"itemListElement\":[{\"@type\":\"ListItem\",\"position\":1,\"name\":\"In\u00edcio\",\"item\":\"https:\/\/www.sigmatools.com.br\/site\/\"},{\"@type\":\"ListItem\",\"position\":2,\"name\":\"SGT-6002 &#8211; M\u00c1QUINA DE PINTURA AIRLESS 900W\"}]},{\"@type\":\"WebSite\",\"@id\":\"https:\/\/www.sigmatools.com.br\/site\/#website\",\"url\":\"https:\/\/www.sigmatools.com.br\/site\/\",\"name\":\"Sigma Tools\",\"description\":\"Equipamentos para Est\u00e9tica Automotiva e Oficina Mec\u00e2nica - Sigma Tools\",\"publisher\":{\"@id\":\"https:\/\/www.sigmatools.com.br\/site\/#organization\"},\"potentialAction\":[{\"@type\":\"SearchAction\",\"target\":{\"@type\":\"EntryPoint\",\"urlTemplate\":\"https:\/\/www.sigmatools.com.br\/site\/?s={search_term_string}\"},\"query-input\":{\"@type\":\"PropertyValueSpecification\",\"valueRequired\":true,\"valueName\":\"search_term_string\"}}],\"inLanguage\":\"pt-BR\"},{\"@type\":\"Organization\",\"@id\":\"https:\/\/www.sigmatools.com.br\/site\/#organization\",\"name\":\"SIGMA TOOLS\",\"url\":\"https:\/\/www.sigmatools.com.br\/site\/\",\"logo\":{\"@type\":\"ImageObject\",\"inLanguage\":\"pt-BR\",\"@id\":\"https:\/\/www.sigmatools.com.br\/site\/#\/schema\/logo\/image\/\",\"url\":\"https:\/\/www.sigmatools.com.br\/site\/wp-content\/uploads\/2020\/01\/logo-sigma.png\",\"contentUrl\":\"https:\/\/www.sigmatools.com.br\/site\/wp-content\/uploads\/2020\/01\/logo-sigma.png\",\"width\":152,\"height\":150,\"caption\":\"SIGMA TOOLS\"},\"image\":{\"@id\":\"https:\/\/www.sigmatools.com.br\/site\/#\/schema\/logo\/image\/\"},\"sameAs\":[\"https:\/\/www.facebook.com\/sigmatools\"]}]}<\/script>\n<!-- \/ Yoast SEO plugin. -->","yoast_head_json":{"title":"SGT-6002 - M\u00c1QUINA DE PINTURA AIRLESS 900W - Sigma Tools","robots":{"index":"index","follow":"follow","max-snippet":"max-snippet:-1","max-image-preview":"max-image-preview:large","max-video-preview":"max-video-preview:-1"},"canonical":"https:\/\/www.sigmatools.com.br\/site\/produto\/sgt-6002-maquina-de-pintura-airless-900w\/","og_locale":"pt_BR","og_type":"article","og_title":"SGT-6002 - M\u00c1QUINA DE PINTURA AIRLESS 900W - Sigma Tools","og_description":"C\u00f3digo do produto: 0702600200 C\u00f3digo de barras: 7908276603570  &nbsp;  &nbsp;    \ufeff  Caracter\u00edsticas \u2022 \u00d3tima pot\u00eancia e vaz\u00e3o; \u2022 Pist\u00e3o em inox, engrenagem usinada e dentes helicoidais para maior durabilidade; \u2022 Baixo ru\u00eddo.  &nbsp;  Aplica\u00e7\u00f5es Equipamento Airless Profissional. Recomendada idealmente para aplica\u00e7\u00f5es de tintas latex, esmalte e verniz \u00e0 base de \u00e1gua. Utilize sempre tintas de boa qualidade e na dilui\u00e7\u00e3o recomendada pelo fabricante.  &nbsp;  Tens\u00e3o \/ Voltagem:\u00a0 220V \/ 50-60Hz Pot\u00eancia do Motor:\u00a0 900W\/1,2HP Vaz\u00e3o M\u00e1xima da Pistola de Pintura:\u00a0 2,2 litros\/min Bico Padr\u00e3o: 517 - Leque Abertura de 25 a 30cm - Espessura 0,43 (0,017\u201d) Outros Bicos Aplic\u00e1veis:\u00a0 515 \/ 519 \/ 521 Comprimento da Mangueira:\u00a0 15 metros Press\u00e3o M\u00e1xima de Sa\u00edda: 3000 PSI Peso: 16,5kg  &nbsp;","og_url":"https:\/\/www.sigmatools.com.br\/site\/produto\/sgt-6002-maquina-de-pintura-airless-900w\/","og_site_name":"Sigma Tools","article_publisher":"https:\/\/www.facebook.com\/sigmatools","article_modified_time":"2025-10-14T18:38:21+00:00","og_image":[{"width":2836,"height":1800,"url":"https:\/\/www.sigmatools.com.br\/site\/wp-content\/uploads\/2021\/02\/SGT-6002-1.png","type":"image\/png"}],"twitter_card":"summary_large_image","twitter_misc":{"Est. tempo de leitura":"1 minuto"},"schema":{"@context":"https:\/\/schema.org","@graph":[{"@type":"WebPage","@id":"https:\/\/www.sigmatools.com.br\/site\/produto\/sgt-6002-maquina-de-pintura-airless-900w\/","url":"https:\/\/www.sigmatools.com.br\/site\/produto\/sgt-6002-maquina-de-pintura-airless-900w\/","name":"SGT-6002 - M\u00c1QUINA DE PINTURA AIRLESS 900W - Sigma Tools","isPartOf":{"@id":"https:\/\/www.sigmatools.com.br\/site\/#website"},"primaryImageOfPage":{"@id":"https:\/\/www.sigmatools.com.br\/site\/produto\/sgt-6002-maquina-de-pintura-airless-900w\/#primaryimage"},"image":{"@id":"https:\/\/www.sigmatools.com.br\/site\/produto\/sgt-6002-maquina-de-pintura-airless-900w\/#primaryimage"},"thumbnailUrl":"https:\/\/www.sigmatools.com.br\/site\/wp-content\/uploads\/2021\/02\/SGT-6002-1.png","datePublished":"2021-02-15T19:44:13+00:00","dateModified":"2025-10-14T18:38:21+00:00","breadcrumb":{"@id":"https:\/\/www.sigmatools.com.br\/site\/produto\/sgt-6002-maquina-de-pintura-airless-900w\/#breadcrumb"},"inLanguage":"pt-BR","potentialAction":[{"@type":"ReadAction","target":["https:\/\/www.sigmatools.com.br\/site\/produto\/sgt-6002-maquina-de-pintura-airless-900w\/"]}]},{"@type":"ImageObject","inLanguage":"pt-BR","@id":"https:\/\/www.sigmatools.com.br\/site\/produto\/sgt-6002-maquina-de-pintura-airless-900w\/#primaryimage","url":"https:\/\/www.sigmatools.com.br\/site\/wp-content\/uploads\/2021\/02\/SGT-6002-1.png","contentUrl":"https:\/\/www.sigmatools.com.br\/site\/wp-content\/uploads\/2021\/02\/SGT-6002-1.png","width":2836,"height":1800},{"@type":"BreadcrumbList","@id":"https:\/\/www.sigmatools.com.br\/site\/produto\/sgt-6002-maquina-de-pintura-airless-900w\/#breadcrumb","itemListElement":[{"@type":"ListItem","position":1,"name":"In\u00edcio","item":"https:\/\/www.sigmatools.com.br\/site\/"},{"@type":"ListItem","position":2,"name":"SGT-6002 &#8211; M\u00c1QUINA DE PINTURA AIRLESS 900W"}]},{"@type":"WebSite","@id":"https:\/\/www.sigmatools.com.br\/site\/#website","url":"https:\/\/www.sigmatools.com.br\/site\/","name":"Sigma Tools","description":"Equipamentos para Est\u00e9tica Automotiva e Oficina Mec\u00e2nica - Sigma Tools","publisher":{"@id":"https:\/\/www.sigmatools.com.br\/site\/#organization"},"potentialAction":[{"@type":"SearchAction","target":{"@type":"EntryPoint","urlTemplate":"https:\/\/www.sigmatools.com.br\/site\/?s={search_term_string}"},"query-input":{"@type":"PropertyValueSpecification","valueRequired":true,"valueName":"search_term_string"}}],"inLanguage":"pt-BR"},{"@type":"Organization","@id":"https:\/\/www.sigmatools.com.br\/site\/#organization","name":"SIGMA TOOLS","url":"https:\/\/www.sigmatools.com.br\/site\/","logo":{"@type":"ImageObject","inLanguage":"pt-BR","@id":"https:\/\/www.sigmatools.com.br\/site\/#\/schema\/logo\/image\/","url":"https:\/\/www.sigmatools.com.br\/site\/wp-content\/uploads\/2020\/01\/logo-sigma.png","contentUrl":"https:\/\/www.sigmatools.com.br\/site\/wp-content\/uploads\/2020\/01\/logo-sigma.png","width":152,"height":150,"caption":"SIGMA TOOLS"},"image":{"@id":"https:\/\/www.sigmatools.com.br\/site\/#\/schema\/logo\/image\/"},"sameAs":["https:\/\/www.facebook.com\/sigmatools"]}]}},"_links":{"self":[{"href":"https:\/\/www.sigmatools.com.br\/site\/wp-json\/wp\/v2\/product\/1596","targetHints":{"allow":["GET"]}}],"collection":[{"href":"https:\/\/www.sigmatools.com.br\/site\/wp-json\/wp\/v2\/product"}],"about":[{"href":"https:\/\/www.sigmatools.com.br\/site\/wp-json\/wp\/v2\/types\/product"}],"replies":[{"embeddable":true,"href":"https:\/\/www.sigmatools.com.br\/site\/wp-json\/wp\/v2\/comments?post=1596"}],"wp:featuredmedia":[{"embeddable":true,"href":"https:\/\/www.sigmatools.com.br\/site\/wp-json\/wp\/v2\/media\/1597"}],"wp:attachment":[{"href":"https:\/\/www.sigmatools.com.br\/site\/wp-json\/wp\/v2\/media?parent=1596"}],"wp:term":[{"taxonomy":"product_brand","embeddable":true,"href":"https:\/\/www.sigmatools.com.br\/site\/wp-json\/wp\/v2\/product_brand?post=1596"},{"taxonomy":"product_cat","embeddable":true,"href":"https:\/\/www.sigmatools.com.br\/site\/wp-json\/wp\/v2\/product_cat?post=1596"},{"taxonomy":"product_tag","embeddable":true,"href":"https:\/\/www.sigmatools.com.br\/site\/wp-json\/wp\/v2\/product_tag?post=1596"}],"curies":[{"name":"wp","href":"https:\/\/api.w.org\/{rel}","templated":true}]}}