{"id":4399,"date":"2022-12-16T09:53:00","date_gmt":"2022-12-16T12:53:00","guid":{"rendered":"https:\/\/www.sigmatools.com.br\/site\/?post_type=product&#038;p=4399"},"modified":"2025-08-08T12:22:15","modified_gmt":"2025-08-08T15:22:15","slug":"sgt-8601-pistola-lavadora-de-pressao-a-bateria-45ah","status":"publish","type":"product","link":"https:\/\/www.sigmatools.com.br\/site\/produto\/sgt-8601-pistola-lavadora-de-pressao-a-bateria-45ah\/","title":{"rendered":"SGT-8601 PISTOLA LAVADORA DE PRESS\u00c3O \u00c0 BATERIA 4,5AH"},"content":{"rendered":"","protected":false},"excerpt":{"rendered":"<p><strong>C\u00f3digo do produto: <\/strong>0703860100<\/p>\n<p><strong>C\u00f3digo de barras:<\/strong> 7908276608155<\/p>\n<p>&nbsp;<\/p>\n<iframe title=\"YouTube video player\" src=\"https:\/\/www.youtube.com\/embed\/61RED_ZFzEI?si=8Ege5g9w4as1h4s2\" width=\"560\" height=\"315\" frameborder=\"0\" allowfullscreen=\"allowfullscreen\"><\/iframe>\n<p>&nbsp;<\/p>\n<p><strong>Caracter\u00edsticas<\/strong><br \/>\n&#8211; Vaz\u00e3o: 5lts\/min;<br \/>\n&#8211; Press\u00e3o m\u00e1xima: 4MPA;<br \/>\n&#8211; Voltagem do carregador: 110-220v (bivolt);<br \/>\n&#8211; Bateria Li-Ion: 21V \/ 4,5Ah.<\/p>\n<p>&nbsp;<\/p>\n<p><strong>APLICA\u00c7\u00d5ES<\/strong><br \/>\n&#8211; Ideal para lavagem automotiva e limpeza predial;<br \/>\n&#8211; Pode ser utilizada em uso dom\u00e9stico: Jardim, cal\u00e7adas,<br \/>\nparedes, janelas, quintais e etc.<\/p>\n<p>&nbsp;<\/p>\n<p><strong>VANTAGENS<\/strong><br \/>\n&#8211; Port\u00e1til e compacta;<br \/>\n&#8211; F\u00e1cil de guardar e transportar;<br \/>\n&#8211; N\u00e3o necessita mangueira de \u00e1gua ou extens\u00e3o.<\/p>\n<p>&nbsp;<\/p>\n<p><strong>Acess\u00f3rios inclusos<\/strong><br \/>\n&#8211; 1 Bateria &#8211; 21V\/4,5Ah;<br \/>\n&#8211; 1 Carregador Bivolt;<br \/>\n&#8211; 1 Mangueira com 5 metros + filtro + engate r\u00e1pido;<br \/>\n&#8211; 1 Tubo lavador;<br \/>\n&#8211; 1 Shampoozeira;<br \/>\n&#8211; 1 Manual de instru\u00e7\u00f5es.<\/p>\n<p>&nbsp;<\/p>\n[button size=\"small\" icon=\"\" target=\"_blank\" text_align=\"left\" text=\"Informativo\" link=\"http:\/\/www.sigmatools.com.br\/site\/arquivos\/informativos\/SGT-8601%20-%20PISTOLA%20LAVADORA%20DE%20ALTA%20PRESS%C3%83O%20A%20BATERIA%20-%20INFO.pdf\" color=\"#ffffff\" hover_color=\"#ffffff\" background_color=\"#353535\" hover_background_color=\"#dd3333\" border_color=\"#353535\" hover_border_color=\"#dd3333\"]","protected":false},"featured_media":4402,"comment_status":"open","ping_status":"closed","template":"","meta":{"_jet_sm_ready_style":"","_jet_sm_style":"","_jet_sm_controls_values":"","_jet_sm_fonts_collection":"","_jet_sm_fonts_links":""},"product_brand":[],"product_cat":[76,15],"product_tag":[],"class_list":{"0":"post-4399","1":"product","2":"type-product","3":"status-publish","4":"has-post-thumbnail","6":"product_cat-borracharia","7":"product_cat-sigma-tools","9":"first","10":"instock","11":"shipping-taxable","12":"product-type-simple"},"yoast_head":"<!-- This site is optimized with the Yoast SEO plugin v27.1.1 - https:\/\/yoast.com\/product\/yoast-seo-wordpress\/ -->\n<title>SGT-8601 PISTOLA LAVADORA DE PRESS\u00c3O \u00c0 BATERIA 4,5AH - Sigma Tools<\/title>\n<meta name=\"robots\" content=\"index, follow, max-snippet:-1, max-image-preview:large, max-video-preview:-1\" \/>\n<link rel=\"canonical\" href=\"https:\/\/www.sigmatools.com.br\/site\/produto\/sgt-8601-pistola-lavadora-de-pressao-a-bateria-45ah\/\" \/>\n<meta property=\"og:locale\" content=\"pt_BR\" \/>\n<meta property=\"og:type\" content=\"article\" \/>\n<meta property=\"og:title\" content=\"SGT-8601 PISTOLA LAVADORA DE PRESS\u00c3O \u00c0 BATERIA 4,5AH - Sigma Tools\" \/>\n<meta property=\"og:description\" content=\"C\u00f3digo do produto: 0703860100  C\u00f3digo de barras: 7908276608155  &nbsp;    &nbsp;  Caracter\u00edsticas - Vaz\u00e3o: 5lts\/min; - Press\u00e3o m\u00e1xima: 4MPA; - Voltagem do carregador: 110-220v (bivolt); - Bateria Li-Ion: 21V \/ 4,5Ah.  &nbsp;  APLICA\u00c7\u00d5ES - Ideal para lavagem automotiva e limpeza predial; - Pode ser utilizada em uso dom\u00e9stico: Jardim, cal\u00e7adas, paredes, janelas, quintais e etc.  &nbsp;  VANTAGENS - Port\u00e1til e compacta; - F\u00e1cil de guardar e transportar; - N\u00e3o necessita mangueira de \u00e1gua ou extens\u00e3o.  &nbsp;  Acess\u00f3rios inclusos - 1 Bateria - 21V\/4,5Ah; - 1 Carregador Bivolt; - 1 Mangueira com 5 metros + filtro + engate r\u00e1pido; - 1 Tubo lavador; - 1 Shampoozeira; - 1 Manual de instru\u00e7\u00f5es.  &nbsp;\" \/>\n<meta property=\"og:url\" content=\"https:\/\/www.sigmatools.com.br\/site\/produto\/sgt-8601-pistola-lavadora-de-pressao-a-bateria-45ah\/\" \/>\n<meta property=\"og:site_name\" content=\"Sigma Tools\" \/>\n<meta property=\"article:publisher\" content=\"https:\/\/www.facebook.com\/sigmatools\" \/>\n<meta property=\"article:modified_time\" content=\"2025-08-08T15:22:15+00:00\" \/>\n<meta property=\"og:image\" content=\"https:\/\/www.sigmatools.com.br\/site\/wp-content\/uploads\/2022\/12\/DSC_0708-.png\" \/>\n\t<meta property=\"og:image:width\" content=\"1000\" \/>\n\t<meta property=\"og:image:height\" content=\"1000\" \/>\n\t<meta property=\"og:image:type\" content=\"image\/png\" \/>\n<meta name=\"twitter:card\" content=\"summary_large_image\" \/>\n<meta name=\"twitter:label1\" content=\"Est. tempo de leitura\" \/>\n\t<meta name=\"twitter:data1\" content=\"1 minuto\" \/>\n<script type=\"application\/ld+json\" class=\"yoast-schema-graph\">{\"@context\":\"https:\/\/schema.org\",\"@graph\":[{\"@type\":\"WebPage\",\"@id\":\"https:\/\/www.sigmatools.com.br\/site\/produto\/sgt-8601-pistola-lavadora-de-pressao-a-bateria-45ah\/\",\"url\":\"https:\/\/www.sigmatools.com.br\/site\/produto\/sgt-8601-pistola-lavadora-de-pressao-a-bateria-45ah\/\",\"name\":\"SGT-8601 PISTOLA LAVADORA DE PRESS\u00c3O \u00c0 BATERIA 4,5AH - Sigma Tools\",\"isPartOf\":{\"@id\":\"https:\/\/www.sigmatools.com.br\/site\/#website\"},\"primaryImageOfPage\":{\"@id\":\"https:\/\/www.sigmatools.com.br\/site\/produto\/sgt-8601-pistola-lavadora-de-pressao-a-bateria-45ah\/#primaryimage\"},\"image\":{\"@id\":\"https:\/\/www.sigmatools.com.br\/site\/produto\/sgt-8601-pistola-lavadora-de-pressao-a-bateria-45ah\/#primaryimage\"},\"thumbnailUrl\":\"https:\/\/www.sigmatools.com.br\/site\/wp-content\/uploads\/2022\/12\/DSC_0708-.png\",\"datePublished\":\"2022-12-16T12:53:00+00:00\",\"dateModified\":\"2025-08-08T15:22:15+00:00\",\"breadcrumb\":{\"@id\":\"https:\/\/www.sigmatools.com.br\/site\/produto\/sgt-8601-pistola-lavadora-de-pressao-a-bateria-45ah\/#breadcrumb\"},\"inLanguage\":\"pt-BR\",\"potentialAction\":[{\"@type\":\"ReadAction\",\"target\":[\"https:\/\/www.sigmatools.com.br\/site\/produto\/sgt-8601-pistola-lavadora-de-pressao-a-bateria-45ah\/\"]}]},{\"@type\":\"ImageObject\",\"inLanguage\":\"pt-BR\",\"@id\":\"https:\/\/www.sigmatools.com.br\/site\/produto\/sgt-8601-pistola-lavadora-de-pressao-a-bateria-45ah\/#primaryimage\",\"url\":\"https:\/\/www.sigmatools.com.br\/site\/wp-content\/uploads\/2022\/12\/DSC_0708-.png\",\"contentUrl\":\"https:\/\/www.sigmatools.com.br\/site\/wp-content\/uploads\/2022\/12\/DSC_0708-.png\",\"width\":1000,\"height\":1000},{\"@type\":\"BreadcrumbList\",\"@id\":\"https:\/\/www.sigmatools.com.br\/site\/produto\/sgt-8601-pistola-lavadora-de-pressao-a-bateria-45ah\/#breadcrumb\",\"itemListElement\":[{\"@type\":\"ListItem\",\"position\":1,\"name\":\"In\u00edcio\",\"item\":\"https:\/\/www.sigmatools.com.br\/site\/\"},{\"@type\":\"ListItem\",\"position\":2,\"name\":\"SGT-8601 PISTOLA LAVADORA DE PRESS\u00c3O \u00c0 BATERIA 4,5AH\"}]},{\"@type\":\"WebSite\",\"@id\":\"https:\/\/www.sigmatools.com.br\/site\/#website\",\"url\":\"https:\/\/www.sigmatools.com.br\/site\/\",\"name\":\"Sigma Tools\",\"description\":\"Equipamentos para Est\u00e9tica Automotiva e Oficina Mec\u00e2nica - Sigma Tools\",\"publisher\":{\"@id\":\"https:\/\/www.sigmatools.com.br\/site\/#organization\"},\"potentialAction\":[{\"@type\":\"SearchAction\",\"target\":{\"@type\":\"EntryPoint\",\"urlTemplate\":\"https:\/\/www.sigmatools.com.br\/site\/?s={search_term_string}\"},\"query-input\":{\"@type\":\"PropertyValueSpecification\",\"valueRequired\":true,\"valueName\":\"search_term_string\"}}],\"inLanguage\":\"pt-BR\"},{\"@type\":\"Organization\",\"@id\":\"https:\/\/www.sigmatools.com.br\/site\/#organization\",\"name\":\"SIGMA TOOLS\",\"url\":\"https:\/\/www.sigmatools.com.br\/site\/\",\"logo\":{\"@type\":\"ImageObject\",\"inLanguage\":\"pt-BR\",\"@id\":\"https:\/\/www.sigmatools.com.br\/site\/#\/schema\/logo\/image\/\",\"url\":\"https:\/\/www.sigmatools.com.br\/site\/wp-content\/uploads\/2020\/01\/logo-sigma.png\",\"contentUrl\":\"https:\/\/www.sigmatools.com.br\/site\/wp-content\/uploads\/2020\/01\/logo-sigma.png\",\"width\":152,\"height\":150,\"caption\":\"SIGMA TOOLS\"},\"image\":{\"@id\":\"https:\/\/www.sigmatools.com.br\/site\/#\/schema\/logo\/image\/\"},\"sameAs\":[\"https:\/\/www.facebook.com\/sigmatools\"]}]}<\/script>\n<!-- \/ Yoast SEO plugin. -->","yoast_head_json":{"title":"SGT-8601 PISTOLA LAVADORA DE PRESS\u00c3O \u00c0 BATERIA 4,5AH - Sigma Tools","robots":{"index":"index","follow":"follow","max-snippet":"max-snippet:-1","max-image-preview":"max-image-preview:large","max-video-preview":"max-video-preview:-1"},"canonical":"https:\/\/www.sigmatools.com.br\/site\/produto\/sgt-8601-pistola-lavadora-de-pressao-a-bateria-45ah\/","og_locale":"pt_BR","og_type":"article","og_title":"SGT-8601 PISTOLA LAVADORA DE PRESS\u00c3O \u00c0 BATERIA 4,5AH - Sigma Tools","og_description":"C\u00f3digo do produto: 0703860100  C\u00f3digo de barras: 7908276608155  &nbsp;    &nbsp;  Caracter\u00edsticas - Vaz\u00e3o: 5lts\/min; - Press\u00e3o m\u00e1xima: 4MPA; - Voltagem do carregador: 110-220v (bivolt); - Bateria Li-Ion: 21V \/ 4,5Ah.  &nbsp;  APLICA\u00c7\u00d5ES - Ideal para lavagem automotiva e limpeza predial; - Pode ser utilizada em uso dom\u00e9stico: Jardim, cal\u00e7adas, paredes, janelas, quintais e etc.  &nbsp;  VANTAGENS - Port\u00e1til e compacta; - F\u00e1cil de guardar e transportar; - N\u00e3o necessita mangueira de \u00e1gua ou extens\u00e3o.  &nbsp;  Acess\u00f3rios inclusos - 1 Bateria - 21V\/4,5Ah; - 1 Carregador Bivolt; - 1 Mangueira com 5 metros + filtro + engate r\u00e1pido; - 1 Tubo lavador; - 1 Shampoozeira; - 1 Manual de instru\u00e7\u00f5es.  &nbsp;","og_url":"https:\/\/www.sigmatools.com.br\/site\/produto\/sgt-8601-pistola-lavadora-de-pressao-a-bateria-45ah\/","og_site_name":"Sigma Tools","article_publisher":"https:\/\/www.facebook.com\/sigmatools","article_modified_time":"2025-08-08T15:22:15+00:00","og_image":[{"width":1000,"height":1000,"url":"https:\/\/www.sigmatools.com.br\/site\/wp-content\/uploads\/2022\/12\/DSC_0708-.png","type":"image\/png"}],"twitter_card":"summary_large_image","twitter_misc":{"Est. tempo de leitura":"1 minuto"},"schema":{"@context":"https:\/\/schema.org","@graph":[{"@type":"WebPage","@id":"https:\/\/www.sigmatools.com.br\/site\/produto\/sgt-8601-pistola-lavadora-de-pressao-a-bateria-45ah\/","url":"https:\/\/www.sigmatools.com.br\/site\/produto\/sgt-8601-pistola-lavadora-de-pressao-a-bateria-45ah\/","name":"SGT-8601 PISTOLA LAVADORA DE PRESS\u00c3O \u00c0 BATERIA 4,5AH - Sigma Tools","isPartOf":{"@id":"https:\/\/www.sigmatools.com.br\/site\/#website"},"primaryImageOfPage":{"@id":"https:\/\/www.sigmatools.com.br\/site\/produto\/sgt-8601-pistola-lavadora-de-pressao-a-bateria-45ah\/#primaryimage"},"image":{"@id":"https:\/\/www.sigmatools.com.br\/site\/produto\/sgt-8601-pistola-lavadora-de-pressao-a-bateria-45ah\/#primaryimage"},"thumbnailUrl":"https:\/\/www.sigmatools.com.br\/site\/wp-content\/uploads\/2022\/12\/DSC_0708-.png","datePublished":"2022-12-16T12:53:00+00:00","dateModified":"2025-08-08T15:22:15+00:00","breadcrumb":{"@id":"https:\/\/www.sigmatools.com.br\/site\/produto\/sgt-8601-pistola-lavadora-de-pressao-a-bateria-45ah\/#breadcrumb"},"inLanguage":"pt-BR","potentialAction":[{"@type":"ReadAction","target":["https:\/\/www.sigmatools.com.br\/site\/produto\/sgt-8601-pistola-lavadora-de-pressao-a-bateria-45ah\/"]}]},{"@type":"ImageObject","inLanguage":"pt-BR","@id":"https:\/\/www.sigmatools.com.br\/site\/produto\/sgt-8601-pistola-lavadora-de-pressao-a-bateria-45ah\/#primaryimage","url":"https:\/\/www.sigmatools.com.br\/site\/wp-content\/uploads\/2022\/12\/DSC_0708-.png","contentUrl":"https:\/\/www.sigmatools.com.br\/site\/wp-content\/uploads\/2022\/12\/DSC_0708-.png","width":1000,"height":1000},{"@type":"BreadcrumbList","@id":"https:\/\/www.sigmatools.com.br\/site\/produto\/sgt-8601-pistola-lavadora-de-pressao-a-bateria-45ah\/#breadcrumb","itemListElement":[{"@type":"ListItem","position":1,"name":"In\u00edcio","item":"https:\/\/www.sigmatools.com.br\/site\/"},{"@type":"ListItem","position":2,"name":"SGT-8601 PISTOLA LAVADORA DE PRESS\u00c3O \u00c0 BATERIA 4,5AH"}]},{"@type":"WebSite","@id":"https:\/\/www.sigmatools.com.br\/site\/#website","url":"https:\/\/www.sigmatools.com.br\/site\/","name":"Sigma Tools","description":"Equipamentos para Est\u00e9tica Automotiva e Oficina Mec\u00e2nica - Sigma Tools","publisher":{"@id":"https:\/\/www.sigmatools.com.br\/site\/#organization"},"potentialAction":[{"@type":"SearchAction","target":{"@type":"EntryPoint","urlTemplate":"https:\/\/www.sigmatools.com.br\/site\/?s={search_term_string}"},"query-input":{"@type":"PropertyValueSpecification","valueRequired":true,"valueName":"search_term_string"}}],"inLanguage":"pt-BR"},{"@type":"Organization","@id":"https:\/\/www.sigmatools.com.br\/site\/#organization","name":"SIGMA TOOLS","url":"https:\/\/www.sigmatools.com.br\/site\/","logo":{"@type":"ImageObject","inLanguage":"pt-BR","@id":"https:\/\/www.sigmatools.com.br\/site\/#\/schema\/logo\/image\/","url":"https:\/\/www.sigmatools.com.br\/site\/wp-content\/uploads\/2020\/01\/logo-sigma.png","contentUrl":"https:\/\/www.sigmatools.com.br\/site\/wp-content\/uploads\/2020\/01\/logo-sigma.png","width":152,"height":150,"caption":"SIGMA TOOLS"},"image":{"@id":"https:\/\/www.sigmatools.com.br\/site\/#\/schema\/logo\/image\/"},"sameAs":["https:\/\/www.facebook.com\/sigmatools"]}]}},"_links":{"self":[{"href":"https:\/\/www.sigmatools.com.br\/site\/wp-json\/wp\/v2\/product\/4399","targetHints":{"allow":["GET"]}}],"collection":[{"href":"https:\/\/www.sigmatools.com.br\/site\/wp-json\/wp\/v2\/product"}],"about":[{"href":"https:\/\/www.sigmatools.com.br\/site\/wp-json\/wp\/v2\/types\/product"}],"replies":[{"embeddable":true,"href":"https:\/\/www.sigmatools.com.br\/site\/wp-json\/wp\/v2\/comments?post=4399"}],"wp:featuredmedia":[{"embeddable":true,"href":"https:\/\/www.sigmatools.com.br\/site\/wp-json\/wp\/v2\/media\/4402"}],"wp:attachment":[{"href":"https:\/\/www.sigmatools.com.br\/site\/wp-json\/wp\/v2\/media?parent=4399"}],"wp:term":[{"taxonomy":"product_brand","embeddable":true,"href":"https:\/\/www.sigmatools.com.br\/site\/wp-json\/wp\/v2\/product_brand?post=4399"},{"taxonomy":"product_cat","embeddable":true,"href":"https:\/\/www.sigmatools.com.br\/site\/wp-json\/wp\/v2\/product_cat?post=4399"},{"taxonomy":"product_tag","embeddable":true,"href":"https:\/\/www.sigmatools.com.br\/site\/wp-json\/wp\/v2\/product_tag?post=4399"}],"curies":[{"name":"wp","href":"https:\/\/api.w.org\/{rel}","templated":true}]}}